Last updated on 2016-10-25 23:47:52.
Flavor | Version | Tinstall | Tcheck | Ttotal | Status | Flags |
---|---|---|---|---|---|---|
r-devel-linux-x86_64-debian-clang | 1.6.6 | 6.44 | 27.43 | 33.87 | WARN | |
r-devel-linux-x86_64-debian-gcc | 1.6.6 | 6.40 | 26.34 | 32.74 | WARN | |
r-devel-linux-x86_64-fedora-clang | 1.6.6 | 58.08 | WARN | |||
r-devel-linux-x86_64-fedora-gcc | 1.6.6 | 55.37 | WARN | |||
r-devel-windows-ix86+x86_64 | 1.6.6 | 36.00 | 67.00 | 103.00 | WARN | |
r-patched-linux-x86_64 | 1.6.6 | 5.92 | 25.18 | 31.10 | OK | |
r-patched-solaris-sparc | 1.6.6 | 325.90 | OK | |||
r-patched-solaris-x86 | 1.6.6 | 72.20 | OK | |||
r-release-linux-x86_64 | 1.6.6 | 5.88 | 25.09 | 30.97 | OK | |
r-release-osx-x86_64-mavericks | 1.6.6 | OK | ||||
r-release-windows-ix86+x86_64 | 1.6.6 | 21.00 | 59.00 | 80.00 | OK | |
r-oldrel-windows-ix86+x86_64 | 1.6.6 | 52.00 | 62.00 | 114.00 | OK |
Version: 1.6.6
Check: whether package can be installed
Result: WARN
Found the following significant warnings:
Warning: GNU Extension: Nonstandard type declaration REAL*8 at (1)
Flavors: r-devel-linux-x86_64-debian-clang, r-devel-linux-x86_64-debian-gcc, r-devel-linux-x86_64-fedora-clang, r-devel-linux-x86_64-fedora-gcc, r-devel-macos-x86_64-clang, r-devel-windows-ix86+x86_64