CRAN Package Check Results for Package rpf

Last updated on 2016-10-25 23:47:52.

Flavor Version Tinstall Tcheck Ttotal Status Flags
r-devel-linux-x86_64-debian-clang 0.53 20.50 33.80 54.30 NOTE
r-devel-linux-x86_64-debian-gcc 0.53 18.51 31.23 49.73 NOTE
r-devel-linux-x86_64-fedora-clang 0.53 105.92 NOTE
r-devel-linux-x86_64-fedora-gcc 0.53 92.35 NOTE
r-devel-windows-ix86+x86_64 0.53 62.00 92.00 154.00 OK
r-patched-linux-x86_64 0.53 16.23 30.60 46.82 NOTE
r-patched-solaris-sparc 0.53 487.90 ERROR
r-patched-solaris-x86 0.53 95.60 ERROR
r-release-linux-x86_64 0.53 16.10 30.11 46.21 NOTE
r-release-osx-x86_64-mavericks 0.53 NOTE
r-release-windows-ix86+x86_64 0.53 50.00 70.00 120.00 OK
r-oldrel-windows-ix86+x86_64 0.53 60.00 94.00 154.00 OK

Check Details

Version: 0.53
Check: installed package size
Result: NOTE
     installed size is 8.9Mb
     sub-directories of 1Mb or more:
     libs 8.2Mb
Flavors: r-devel-linux-x86_64-debian-clang, r-devel-linux-x86_64-debian-gcc, r-devel-linux-x86_64-fedora-clang, r-devel-linux-x86_64-fedora-gcc, r-patched-linux-x86_64, r-release-linux-x86_64, r-release-osx-x86_64-mavericks

Version: 0.53
Check: tests
Result: ERROR
    Running the tests in ‘tests/testthat.R’ failed.
    Last 13 lines of output:
     [5] -315.94 - -7.92e-02 == -315.87
     [6] -315.94 - 7.57e+01 == -391.65
     [7] -315.94 - -1.55e-01 == -315.79
     [8] -315.94 - -6.32e+02 == 315.59
     [9] -315.94 - -1.07e-03 == -315.94
     ...
     testthat results ================================================================
     OK: 361 SKIPPED: 0 FAILED: 2
     1. Failure: tpbw1995-table2 (@test-score.R#26)
     2. Failure: tpbw1995-table2 (@test-score.R#27)
    
     Error: testthat unit tests failed
     Execution halted
Flavor: r-patched-solaris-sparc

Version: 0.53
Check: tests
Result: ERROR
    Running the tests in ‘tests/testthat.R’ failed.
    Last 13 lines of output:
     [4] -7.93e-01 - 7.142 == -7.935
     [5] -7.93e-01 - -234.691 == 233.898
     [6] -7.93e-01 - -2.610 == 1.817
     [7] -7.93e-01 - -0.426 == -0.367
     [8] -7.93e-01 - -0.719 == -0.074
     [9] -7.93e-01 - -68.582 == 67.789
     ...
     testthat results ================================================================
     OK: 362 SKIPPED: 0 FAILED: 1
     1. Failure: tpbw1995-table2 (@test-score.R#27)
    
     Error: testthat unit tests failed
     Execution halted
Flavor: r-patched-solaris-x86