CRAN Package Check Results for Package rslurm

Last updated on 2016-10-25 23:47:52.

Flavor Version Tinstall Tcheck Ttotal Status Flags
r-devel-linux-x86_64-debian-clang 0.3.1 0.66 17.00 17.66 OK
r-devel-linux-x86_64-debian-gcc 0.3.1 0.62 16.17 16.79 OK
r-devel-linux-x86_64-fedora-clang 0.3.1 27.32 NOTE
r-devel-linux-x86_64-fedora-gcc 0.3.1 25.33 NOTE
r-devel-windows-ix86+x86_64 0.3.1 4.00 50.00 54.00 OK
r-patched-linux-x86_64 0.3.1 0.54 15.43 15.97 OK
r-patched-solaris-sparc 0.3.1 154.10 NOTE
r-patched-solaris-x86 0.3.1 35.30 NOTE
r-release-linux-x86_64 0.3.1 0.58 15.57 16.15 OK
r-release-osx-x86_64-mavericks 0.3.1 NOTE
r-release-windows-ix86+x86_64 0.3.1 3.00 54.00 57.00 OK
r-oldrel-windows-ix86+x86_64 0.3.1 5.00 43.00 48.00 NOTE

Check Details

Version: 0.3.1
Check: dependencies in R code
Result: NOTE
    Namespace in Imports field not imported from: ‘parallel’
     All declared Imports should be used.
Flavors: r-devel-linux-x86_64-fedora-clang, r-devel-linux-x86_64-fedora-gcc, r-devel-macos-x86_64-clang, r-patched-solaris-sparc, r-patched-solaris-x86, r-release-osx-x86_64-mavericks, r-oldrel-windows-ix86+x86_64