CRAN Package Check Results for Package sampSurf

Last updated on 2016-10-25 23:47:53.

Flavor Version Tinstall Tcheck Ttotal Status Flags
r-devel-linux-x86_64-debian-clang 0.7-3 6.58 89.68 96.26 NOTE
r-devel-linux-x86_64-debian-gcc 0.7-3 6.85 85.52 92.37 NOTE
r-devel-linux-x86_64-fedora-clang 0.7-3 180.50 NOTE
r-devel-linux-x86_64-fedora-gcc 0.7-3 182.52 NOTE
r-devel-windows-ix86+x86_64 0.7-3 29.00 183.00 212.00 NOTE
r-patched-linux-x86_64 0.7-3 6.64 82.84 89.48 NOTE
r-patched-solaris-sparc 0.7-3 980.60 NOTE
r-patched-solaris-x86 0.7-3 194.20 NOTE
r-release-linux-x86_64 0.7-3 6.81 82.56 89.38 NOTE
r-release-osx-x86_64-mavericks 0.7-3 NOTE
r-release-windows-ix86+x86_64 0.7-3 18.00 145.00 163.00 NOTE
r-oldrel-windows-ix86+x86_64 0.7-3 29.00 201.00 230.00 NOTE

Check Details

Version: 0.7-3
Check: R code for possible problems
Result: NOTE
    distanceLimitedPDSIZ,downLog-perpendicularDistance-dlsNumeric: warning
     in matrix(c(os.len, 0, 1), nr = 1): partial argument match of ‘nr’ to
     ‘nrow’
    downLogs,numeric-missing: warning in matrix(c(xlim, ylim), nr = 2,
     byrow = TRUE, dimnames = list(c("x", "y"), c("min", "max"))): partial
     argument match of ‘nr’ to ‘nrow’
    standingTrees,numeric-missing: warning in matrix(c(xlim, ylim), nr = 2,
     byrow = TRUE, dimnames = list(c("x", "y"), c("min", "max"))): partial
     argument match of ‘nr’ to ‘nrow’
    .statsDownLogs: no visible binding for global variable ‘sd’
    .statsDownLogs: no visible binding for global variable ‘var’
    .statsStandingTrees: no visible binding for global variable ‘sd’
    .statsStandingTrees: no visible binding for global variable ‘var’
    getProxy: no visible global function definition for ‘getFromNamespace’
    sampleLogs: no visible global function definition for ‘runif’
    sampleTrees: no visible global function definition for ‘runif’
    transparentColorBase: no visible global function definition for
     ‘colors’
    transparentColorBase: no visible global function definition for
     ‘col2rgb’
    transparentColorBase: no visible global function definition for ‘rgb’
    wbProxy: no visible global function definition for ‘uniroot’
    wbProxy: no visible global function definition for ‘nlminb’
    antitheticSampling,MonteCarloSampling: no visible global function
     definition for ‘qt’
    clipStemsToTract,downLogs-SpatialPolygons: no visible global function
     definition for ‘gIntersects’
    clipStemsToTract,downLogs-SpatialPolygons: no visible global function
     definition for ‘gIntersection’
    downLogs,data.frame-missing: no visible global function definition for
     ‘na.omit’
    hist,monteSample: no visible global function definition for ‘par’
    importanceSampling,list: no visible global function definition for
     ‘runif’
    importanceSampling,list: no visible global function definition for ‘qt’
    initialize,circularPlot: no visible global function definition for
     ‘runif’
    initialize,downLog: no visible global function definition for ‘runif’
    initialize,lineSegment: no visible global function definition for
     ‘runif’
    initialize,standingTree: no visible global function definition for
     ‘runif’
    izGrid,distanceLimitedMCIZ-Tract: no visible global function definition
     for ‘spline’
    izGrid,matrix-Tract: no visible global function definition for
     ‘intersectExtent’
    izGrid,omnibusPDSIZ-Tract: no visible global function definition for
     ‘spline’
    izGridMirage,InclusionZone-mirageTract: no visible global function
     definition for ‘gIntersects’
    izGridMirage,InclusionZone-mirageTract : mirageSection: no visible
     global function definition for ‘gIntersection’
    monteBSSample,montePop: no visible global function definition for ‘var’
    monteNTSample,montePop: no visible global function definition for ‘qt’
    monteNTSample,montePop: no visible global function definition for ‘var’
    plot,ArealSampling-missing: no visible global function definition for
     ‘points’
    plot,Stem-missing: no visible global function definition for ‘points’
    plot,mcsContainer-missing: no visible global function definition for
     ‘abline’
    sampSurf,izContainer-Tract: no visible binding for global variable
     ‘var’
    standingTree,data.frame: no visible global function definition for
     ‘spline’
    standingTrees,data.frame-missing: no visible global function definition
     for ‘na.omit’
    summary,izContainer: no visible global function definition for ‘var’
    summary,izContainer: no visible global function definition for ‘sd’
    taperInterpolate,list: no visible global function definition for
     ‘spline’
    Undefined global functions or variables:
     abline col2rgb colors gIntersection gIntersects getFromNamespace
     intersectExtent na.omit nlminb par points qt rgb runif sd spline
     uniroot var
    Consider adding
     importFrom("grDevices", "col2rgb", "colors", "rgb")
     importFrom("graphics", "abline", "par", "points")
     importFrom("stats", "na.omit", "nlminb", "qt", "runif", "sd", "spline",
     "uniroot", "var")
     importFrom("utils", "getFromNamespace")
    to your NAMESPACE file.
Flavors: r-devel-linux-x86_64-debian-clang, r-devel-linux-x86_64-debian-gcc, r-devel-linux-x86_64-fedora-clang, r-devel-linux-x86_64-fedora-gcc, r-devel-macos-x86_64-clang, r-devel-windows-ix86+x86_64, r-patched-linux-x86_64, r-patched-solaris-sparc, r-patched-solaris-x86, r-release-linux-x86_64, r-release-osx-x86_64-mavericks, r-release-windows-ix86+x86_64

Version: 0.7-3
Check: R code for possible problems
Result: NOTE
    distanceLimitedPDSIZ,downLog-perpendicularDistance-dlsNumeric : .local:
     warning in matrix(c(os.len, 0, 1), nr = 1): partial argument match of
     'nr' to 'nrow'
    downLogs,numeric-missing : .local: warning in matrix(c(xlim, ylim), nr
     = 2, byrow = TRUE, dimnames = list(c("x", "y"), c("min", "max"))):
     partial argument match of 'nr' to 'nrow'
    standingTrees,numeric-missing : .local: warning in matrix(c(xlim,
     ylim), nr = 2, byrow = TRUE, dimnames = list(c("x", "y"), c("min",
     "max"))): partial argument match of 'nr' to 'nrow'
    clipStemsToTract,downLogs-SpatialPolygons : .local: no visible global
     function definition for 'gIntersects'
    clipStemsToTract,downLogs-SpatialPolygons : .local: no visible global
     function definition for 'gIntersection'
    izGrid,matrix-Tract : .local: no visible global function definition for
     'intersectExtent'
    izGridMirage,InclusionZone-mirageTract : .local: no visible global
     function definition for 'gIntersects'
    izGridMirage,InclusionZone-mirageTract : .local : mirageSection: no
     visible global function definition for 'gIntersection'
Flavor: r-oldrel-windows-ix86+x86_64