Last updated on 2016-10-25 23:47:53.
Flavor | Version | Tinstall | Tcheck | Ttotal | Status | Flags |
---|---|---|---|---|---|---|
r-devel-linux-x86_64-debian-clang | 1.1.2 | 8.13 | 12.96 | 21.10 | OK | |
r-devel-linux-x86_64-debian-gcc | 1.1.2 | 7.56 | 12.73 | 20.30 | OK | |
r-devel-linux-x86_64-fedora-clang | 1.1.2 | 39.83 | OK | |||
r-devel-linux-x86_64-fedora-gcc | 1.1.2 | 36.19 | OK | |||
r-devel-windows-ix86+x86_64 | 1.1.2 | 41.00 | 48.00 | 89.00 | OK | |
r-patched-linux-x86_64 | 1.1.2 | 6.59 | 11.90 | 18.49 | OK | |
r-patched-solaris-sparc | 1.1.2 | 203.20 | NOTE | |||
r-patched-solaris-x86 | 1.1.2 | 43.60 | NOTE | |||
r-release-linux-x86_64 | 1.1.2 | 6.62 | 11.91 | 18.53 | OK | |
r-release-osx-x86_64-mavericks | 1.1.2 | OK | ||||
r-release-windows-ix86+x86_64 | 1.1.2 | 31.00 | 48.00 | 79.00 | OK | |
r-oldrel-windows-ix86+x86_64 | 1.1.2 | 49.00 | 47.00 | 96.00 | OK |
Version: 1.1.2
Check: package dependencies
Result: NOTE
Package suggested but not available for checking: ‘microbenchmark’
Flavors: r-patched-solaris-sparc, r-patched-solaris-x86