CRAN Package Check Results for Package sensitivity

Last updated on 2016-10-25 23:47:53.

Flavor Version Tinstall Tcheck Ttotal Status Flags
r-devel-linux-x86_64-debian-clang 1.12.2 4.12 34.34 38.46 OK
r-devel-linux-x86_64-debian-gcc 1.12.2 4.08 33.23 37.31 OK
r-devel-linux-x86_64-fedora-clang 1.12.2 67.72 OK
r-devel-linux-x86_64-fedora-gcc 1.12.2 64.54 OK
r-devel-windows-ix86+x86_64 1.12.2 21.00 86.00 107.00 OK
r-patched-linux-x86_64 1.12.2 3.73 32.05 35.78 OK
r-patched-solaris-sparc 1.12.2 389.60 OK
r-patched-solaris-x86 1.12.2 77.00 OK
r-release-linux-x86_64 1.12.2 3.53 32.11 35.64 OK
r-release-osx-x86_64-mavericks 1.12.2 NOTE
r-release-windows-ix86+x86_64 1.12.2 15.00 68.00 83.00 OK
r-oldrel-windows-ix86+x86_64 1.12.2 23.00 112.00 135.00 OK

Check Details

Version: 1.12.2
Check: dependencies in R code
Result: NOTE
    Invalid MIT-MAGIC-COOKIE-1 key
Flavor: r-release-osx-x86_64-mavericks