CRAN Package Check Results for Package soilDB

Last updated on 2016-10-25 23:47:54.

Flavor Version Tinstall Tcheck Ttotal Status Flags
r-devel-linux-x86_64-debian-clang 1.8 3.87 51.22 55.09 OK
r-devel-linux-x86_64-debian-gcc 1.8 4.30 49.37 53.66 OK
r-devel-linux-x86_64-fedora-clang 1.8 125.78 OK
r-devel-linux-x86_64-fedora-gcc 1.8 123.00 OK
r-devel-windows-ix86+x86_64 1.8 16.00 110.00 126.00 OK
r-patched-linux-x86_64 1.8 3.98 49.61 53.59 OK
r-patched-solaris-sparc 1.8 655.60 OK
r-patched-solaris-x86 1.8 154.90 OK
r-release-linux-x86_64 1.8 4.23 49.10 53.33 OK
r-release-osx-x86_64-mavericks 1.8 NOTE
r-release-windows-ix86+x86_64 1.8 11.00 91.00 102.00 OK
r-oldrel-windows-ix86+x86_64 1.8 18.00 139.00 157.00 OK

Check Details

Version: 1.8
Check: package dependencies
Result: NOTE
    Package suggested but not available for checking: ‘RODBC’
Flavor: r-release-osx-x86_64-mavericks