CRAN Package Check Results for Package spBayes

Last updated on 2016-10-25 23:47:55.

Flavor Version Tinstall Tcheck Ttotal Status Flags
r-devel-linux-x86_64-debian-clang 0.3-9 17.56 30.24 47.80 NOTE
r-devel-linux-x86_64-debian-gcc 0.3-9 19.55 28.60 48.15 NOTE
r-devel-linux-x86_64-fedora-clang 0.3-9 94.39 NOTE
r-devel-linux-x86_64-fedora-gcc 0.3-9 90.52 NOTE
r-devel-windows-ix86+x86_64 0.3-9 89.00 77.00 166.00 NOTE
r-patched-linux-x86_64 0.3-9 16.79 28.56 45.35 NOTE
r-patched-solaris-sparc 0.3-9 472.60 NOTE
r-patched-solaris-x86 0.3-9 103.80 NOTE
r-release-linux-x86_64 0.3-9 16.89 29.15 46.04 NOTE
r-release-osx-x86_64-mavericks 0.3-9 NOTE
r-release-windows-ix86+x86_64 0.3-9 64.00 82.00 146.00 NOTE
r-oldrel-windows-ix86+x86_64 0.3-9 89.00 82.00 171.00 OK

Check Details

Version: 0.3-9
Check: R code for possible problems
Result: NOTE
    bayesGeostatExact: no visible global function definition for ‘dist’
    bayesGeostatExact: no visible global function definition for ‘rnorm’
    bayesLMRef: no visible global function definition for ‘model.frame’
    bayesLMRef: no visible global function definition for ‘vcov’
    bayesLMRef: no visible global function definition for ‘coefficients’
    bayesLMRef: no visible global function definition for ‘rgamma’
    bayesLMRef: no visible global function definition for ‘model.matrix’
    bayesLMRef: no visible global function definition for ‘model.extract’
    bayesNormalReference: no visible global function definition for
     ‘rgamma’
    bayesNormalReference: no visible global function definition for ‘rnorm’
    normalIGammaSampler: no visible global function definition for ‘rgamma’
    parseFormula: no visible global function definition for ‘terms’
    parseFormula: no visible global function definition for
     ‘is.empty.model’
    parseFormula: no visible global function definition for ‘model.matrix’
    parseFormula: no visible binding for global variable ‘contrasts’
    parseFormula: no visible global function definition for
     ‘model.response’
    parseFormula2: no visible global function definition for
     ‘model.response’
    parseFormula2: no visible global function definition for ‘model.matrix’
    rmvn: no visible global function definition for ‘rnorm’
    spDiag : rmvn: no visible global function definition for ‘rnorm’
    spDiag : GP: no visible binding for global variable ‘var’
    spDiag : GR: no visible binding for global variable ‘var’
    spDiag: no visible global function definition for ‘rnorm’
    spGLM: no visible global function definition for ‘coefficients’
    spGLM: no visible global function definition for ‘glm’
    spLM: no visible global function definition for ‘lm’
    spLM: no visible global function definition for ‘coefficients’
    spMvGLM: no visible global function definition for ‘coefficients’
    spMvGLM: no visible global function definition for ‘glm’
    spMvLM: no visible global function definition for ‘coefficients’
    spMvLM: no visible global function definition for ‘lm’
    spPredict : <anonymous>: no visible global function definition for
     ‘rnorm’
    spPredict: no visible global function definition for ‘dist’
    spPredict: no visible global function definition for ‘rnorm’
    Undefined global functions or variables:
     coefficients contrasts dist glm is.empty.model lm model.extract
     model.frame model.matrix model.response rgamma rnorm terms var vcov
    Consider adding
     importFrom("stats", "coefficients", "contrasts", "dist", "glm",
     "is.empty.model", "lm", "model.extract", "model.frame",
     "model.matrix", "model.response", "rgamma", "rnorm",
     "terms", "var", "vcov")
    to your NAMESPACE file.
Flavors: r-devel-linux-x86_64-debian-clang, r-devel-linux-x86_64-debian-gcc, r-devel-linux-x86_64-fedora-clang, r-devel-linux-x86_64-fedora-gcc, r-devel-macos-x86_64-clang, r-devel-windows-ix86+x86_64, r-patched-linux-x86_64, r-patched-solaris-sparc, r-patched-solaris-x86, r-release-linux-x86_64, r-release-osx-x86_64-mavericks, r-release-windows-ix86+x86_64

Version: 0.3-9
Check: package dependencies
Result: NOTE
    Package suggested but not available for checking: ‘geoR’
Flavor: r-patched-solaris-x86