Last updated on 2016-10-25 23:47:55.
Flavor | Version | Tinstall | Tcheck | Ttotal | Status | Flags |
---|---|---|---|---|---|---|
r-devel-linux-x86_64-debian-clang | 0.6-8 | 7.26 | 159.73 | 167.00 | NOTE | |
r-devel-linux-x86_64-debian-gcc | 0.6-8 | 7.05 | 157.05 | 164.10 | NOTE | |
r-devel-linux-x86_64-fedora-clang | 0.6-8 | 326.86 | NOTE | |||
r-devel-linux-x86_64-fedora-gcc | 0.6-8 | 323.31 | NOTE | |||
r-devel-windows-ix86+x86_64 | 0.6-8 | 37.00 | 437.00 | 474.00 | NOTE | |
r-patched-linux-x86_64 | 0.6-8 | 6.40 | 155.86 | 162.26 | NOTE | |
r-patched-solaris-sparc | 0.6-8 | 1635.20 | NOTE | |||
r-patched-solaris-x86 | 0.6-8 | 371.10 | NOTE | |||
r-release-linux-x86_64 | 0.6-8 | 6.76 | 154.91 | 161.67 | NOTE | |
r-release-osx-x86_64-mavericks | 0.6-8 | NOTE | ||||
r-release-windows-ix86+x86_64 | 0.6-8 | 26.00 | 321.00 | 347.00 | NOTE | |
r-oldrel-windows-ix86+x86_64 | 0.6-8 | 54.00 | 506.00 | 560.00 | NOTE |
Version: 0.6-8
Check: installed package size
Result: NOTE
installed size is 5.5Mb
sub-directories of 1Mb or more:
data 1.2Mb
doc 1.5Mb
etc 1.7Mb
Flavors: r-devel-linux-x86_64-debian-clang, r-devel-linux-x86_64-debian-gcc, r-devel-linux-x86_64-fedora-clang, r-devel-linux-x86_64-fedora-gcc, r-devel-macos-x86_64-clang, r-devel-windows-ix86+x86_64, r-patched-linux-x86_64, r-patched-solaris-sparc, r-patched-solaris-x86, r-release-linux-x86_64, r-release-osx-x86_64-mavericks, r-release-windows-ix86+x86_64, r-oldrel-windows-ix86+x86_64