CRAN Package Check Results for Package speciesgeocodeR

Last updated on 2016-10-25 23:47:55.

Flavor Version Tinstall Tcheck Ttotal Status Flags
r-devel-linux-x86_64-debian-clang 1.0-4 2.81 65.59 68.40 OK
r-devel-linux-x86_64-debian-gcc 1.0-4 2.98 63.37 66.35 OK
r-devel-linux-x86_64-fedora-clang 1.0-4 134.72 OK
r-devel-linux-x86_64-fedora-gcc 1.0-4 131.34 OK
r-devel-windows-ix86+x86_64 1.0-4 12.00 123.00 135.00 OK
r-patched-linux-x86_64 1.0-4 2.67 60.06 62.72 OK
r-patched-solaris-sparc 1.0-4 706.60 NOTE
r-patched-solaris-x86 1.0-4 131.90 OK
r-release-linux-x86_64 1.0-4 2.96 60.14 63.10 OK
r-release-osx-x86_64-mavericks 1.0-4 NOTE
r-release-windows-ix86+x86_64 1.0-4 9.00 92.00 101.00 OK
r-oldrel-windows-ix86+x86_64 1.0-4 12.00 128.00 140.00 OK

Check Details

Version: 1.0-4
Check: package dependencies
Result: NOTE
    Package suggested but not available for checking: ‘rgbif’
Flavors: r-patched-solaris-sparc, r-release-osx-x86_64-mavericks