CRAN Package Check Results for Package srvyr

Last updated on 2016-10-25 23:47:55.

Flavor Version Tinstall Tcheck Ttotal Status Flags
r-devel-linux-x86_64-debian-clang 0.2.0 1.64 32.72 34.36 OK
r-devel-linux-x86_64-debian-gcc 0.2.0 1.64 32.56 34.20 OK
r-devel-linux-x86_64-fedora-clang 0.2.0 72.07 OK
r-devel-linux-x86_64-fedora-gcc 0.2.0 68.66 OK
r-devel-windows-ix86+x86_64 0.2.0 9.00 86.00 95.00 OK
r-patched-linux-x86_64 0.2.0 1.64 31.70 33.34 OK
r-patched-solaris-sparc 0.2.0 372.10 NOTE
r-patched-solaris-x86 0.2.0 91.50 NOTE
r-release-linux-x86_64 0.2.0 1.58 31.45 33.03 OK
r-release-osx-x86_64-mavericks 0.2.0 OK
r-release-windows-ix86+x86_64 0.2.0 5.00 61.00 66.00 OK
r-oldrel-windows-ix86+x86_64 0.2.0 7.00 86.00 93.00 OK

Check Details

Version: 0.2.0
Check: package dependencies
Result: NOTE
    Package suggested but not available for checking: ‘MonetDBLite’
Flavors: r-patched-solaris-sparc, r-patched-solaris-x86