Last updated on 2016-10-25 23:47:55.
Flavor | Version | Tinstall | Tcheck | Ttotal | Status | Flags |
---|---|---|---|---|---|---|
r-devel-linux-x86_64-debian-clang | 0.1.0 | 7.77 | 23.18 | 30.95 | NOTE | |
r-devel-linux-x86_64-debian-gcc | 0.1.0 | 7.08 | 22.68 | 29.77 | NOTE | |
r-devel-linux-x86_64-fedora-clang | 0.1.0 | 62.28 | NOTE | |||
r-devel-linux-x86_64-fedora-gcc | 0.1.0 | 53.96 | NOTE | |||
r-devel-windows-ix86+x86_64 | 0.1.0 | 39.00 | 76.00 | 115.00 | NOTE | |
r-patched-linux-x86_64 | 0.1.0 | 6.08 | 21.92 | 28.00 | NOTE | |
r-patched-solaris-sparc | 0.1.0 | 351.90 | NOTE | |||
r-patched-solaris-x86 | 0.1.0 | 75.40 | NOTE | |||
r-release-linux-x86_64 | 0.1.0 | 6.32 | 21.62 | 27.94 | NOTE | |
r-release-osx-x86_64-mavericks | 0.1.0 | NOTE | ||||
r-release-windows-ix86+x86_64 | 0.1.0 | 25.00 | 70.00 | 95.00 | NOTE | |
r-oldrel-windows-ix86+x86_64 | 0.1.0 | 33.00 | 82.00 | 115.00 | OK |
Version: 0.1.0
Check: R code for possible problems
Result: NOTE
inspect: no visible global function definition for ‘par’
inspect: no visible global function definition for ‘abline’
inspect: no visible global function definition for ‘lines’
inspect: no visible global function definition for ‘points’
plotfit: no visible global function definition for ‘dev.off’
plotfit: no visible global function definition for ‘par’
plotfit: no visible global function definition for ‘lines’
plotfit: no visible global function definition for ‘points’
plotfit: no visible global function definition for ‘legend’
plothill: no visible global function definition for ‘par’
plothill: no visible global function definition for ‘abline’
plothill: no visible global function definition for ‘points’
plotmultifit: no visible global function definition for ‘par’
plotmultifit: no visible global function definition for ‘lines’
plotmultifit: no visible global function definition for ‘points’
plotmultifit: no visible global function definition for ‘pexp’
plotmultifit: no visible global function definition for ‘plnorm’
plotmultifit: no visible global function definition for ‘ppois’
plotmultifit: no visible global function definition for ‘legend’
plotols: no visible global function definition for ‘dev.off’
plotols: no visible global function definition for ‘lm’
plotols: no visible global function definition for ‘par’
plotols: no visible global function definition for ‘abline’
plotols: no visible global function definition for ‘legend’
Undefined global functions or variables:
abline dev.off legend lines lm par pexp plnorm points ppois
Consider adding
importFrom("grDevices", "dev.off")
importFrom("graphics", "abline", "legend", "lines", "par", "points")
importFrom("stats", "lm", "pexp", "plnorm", "ppois")
to your NAMESPACE file.
Flavors: r-devel-linux-x86_64-debian-clang, r-devel-linux-x86_64-debian-gcc, r-devel-linux-x86_64-fedora-clang, r-devel-linux-x86_64-fedora-gcc, r-devel-macos-x86_64-clang, r-devel-windows-ix86+x86_64, r-patched-linux-x86_64, r-patched-solaris-sparc, r-patched-solaris-x86, r-release-linux-x86_64, r-release-osx-x86_64-mavericks, r-release-windows-ix86+x86_64