CRAN Package Check Results for Package stabs

Last updated on 2016-10-25 23:47:55.

Flavor Version Tinstall Tcheck Ttotal Status Flags
r-devel-linux-x86_64-debian-clang 0.5-1 0.72 16.47 17.19 NOTE
r-devel-linux-x86_64-debian-gcc 0.5-1 0.69 15.65 16.34 NOTE
r-devel-linux-x86_64-fedora-clang 0.5-1 33.29 NOTE
r-devel-linux-x86_64-fedora-gcc 0.5-1 29.43 NOTE
r-devel-windows-ix86+x86_64 0.5-1 5.00 45.00 50.00 NOTE
r-patched-linux-x86_64 0.5-1 0.59 14.89 15.48 NOTE
r-patched-solaris-sparc 0.5-1 175.60 NOTE
r-patched-solaris-x86 0.5-1 47.00 NOTE
r-release-linux-x86_64 0.5-1 0.67 14.71 15.38 NOTE
r-release-osx-x86_64-mavericks 0.5-1 NOTE
r-release-windows-ix86+x86_64 0.5-1 3.00 45.00 48.00 NOTE
r-oldrel-windows-ix86+x86_64 0.5-1 4.00 44.00 48.00 NOTE

Check Details

Version: 0.5-1
Check: DESCRIPTION meta-information
Result: NOTE
    Malformed Description field: should contain one or more complete sentences.
Flavors: r-devel-linux-x86_64-debian-clang, r-devel-linux-x86_64-debian-gcc, r-devel-linux-x86_64-fedora-clang, r-devel-linux-x86_64-fedora-gcc, r-devel-macos-x86_64-clang, r-devel-windows-ix86+x86_64, r-patched-linux-x86_64, r-patched-solaris-sparc, r-patched-solaris-x86, r-release-linux-x86_64, r-release-osx-x86_64-mavericks, r-release-windows-ix86+x86_64, r-oldrel-windows-ix86+x86_64

Version: 0.5-1
Check: R code for possible problems
Result: NOTE
    optimal_cutoff: no visible global function definition for ‘tail’
    plot.stabsel: no visible global function definition for ‘hcl’
    plot.stabsel: no visible global function definition for ‘par’
    plot.stabsel: no visible global function definition for ‘matplot’
    plot.stabsel: no visible global function definition for ‘abline’
    plot.stabsel: no visible global function definition for ‘axis’
    plot.stabsel: no visible global function definition for ‘plot’
    plot.stabsel: no visible global function definition for ‘tail’
    plot.stabsel: no visible global function definition for ‘points’
    Undefined global functions or variables:
     abline axis hcl matplot par plot points tail
    Consider adding
     importFrom("grDevices", "hcl")
     importFrom("graphics", "abline", "axis", "matplot", "par", "plot",
     "points")
     importFrom("utils", "tail")
    to your NAMESPACE file.
Flavors: r-devel-linux-x86_64-debian-clang, r-devel-linux-x86_64-debian-gcc, r-devel-linux-x86_64-fedora-clang, r-devel-linux-x86_64-fedora-gcc, r-devel-macos-x86_64-clang, r-devel-windows-ix86+x86_64, r-patched-linux-x86_64, r-patched-solaris-sparc, r-patched-solaris-x86, r-release-linux-x86_64, r-release-osx-x86_64-mavericks, r-release-windows-ix86+x86_64