Last updated on 2016-10-25 23:47:56.
Flavor | Version | Tinstall | Tcheck | Ttotal | Status | Flags |
---|---|---|---|---|---|---|
r-devel-linux-x86_64-debian-clang | 1.0-4 | 2.17 | 37.81 | 39.98 | NOTE | |
r-devel-linux-x86_64-debian-gcc | 1.0-4 | 2.18 | 37.13 | 39.31 | NOTE | |
r-devel-linux-x86_64-fedora-clang | 1.0-4 | 91.62 | NOTE | |||
r-devel-linux-x86_64-fedora-gcc | 1.0-4 | 87.13 | NOTE | |||
r-devel-windows-ix86+x86_64 | 1.0-4 | 10.00 | 91.00 | 101.00 | NOTE | |
r-patched-linux-x86_64 | 1.0-4 | 2.39 | 35.45 | 37.83 | NOTE | |
r-patched-solaris-sparc | 1.0-4 | 484.60 | NOTE | |||
r-patched-solaris-x86 | 1.0-4 | 111.10 | NOTE | |||
r-release-linux-x86_64 | 1.0-4 | 2.38 | 35.13 | 37.51 | NOTE | |
r-release-osx-x86_64-mavericks | 1.0-4 | NOTE | ||||
r-release-windows-ix86+x86_64 | 1.0-4 | 7.00 | 89.00 | 96.00 | NOTE | |
r-oldrel-windows-ix86+x86_64 | 1.0-4 | 10.00 | 102.00 | 112.00 | NOTE |
Version: 1.0-4
Check: DESCRIPTION meta-information
Result: NOTE
Malformed Title field: should not end in a period.
Flavors: r-devel-linux-x86_64-debian-clang, r-devel-linux-x86_64-debian-gcc, r-devel-linux-x86_64-fedora-clang, r-devel-linux-x86_64-fedora-gcc, r-devel-macos-x86_64-clang, r-devel-windows-ix86+x86_64, r-patched-linux-x86_64, r-patched-solaris-sparc, r-patched-solaris-x86, r-release-linux-x86_64, r-release-osx-x86_64-mavericks, r-release-windows-ix86+x86_64, r-oldrel-windows-ix86+x86_64
Version: 1.0-4
Check: R code for possible problems
Result: NOTE
GG2.boot: no visible global function definition for ‘integrate’
KM2.pert: no visible global function definition for ‘rexp’
pbc.sample: no visible binding for global variable ‘pbc’
plot.surv2sample: no visible global function definition for ‘plot’
q95: no visible global function definition for ‘quantile’
rmstaug: no visible global function definition for ‘lm’
rmstaug: no visible global function definition for ‘glm’
rmstaug: no visible global function definition for ‘pchisq’
rmstreg: no visible global function definition for ‘lm’
rmstreg: no visible global function definition for ‘glm’
rmstreg: no visible global function definition for ‘pchisq’
surv2sample: no visible binding for global variable ‘sd’
surv2sample: no visible global function definition for ‘pnorm’
Undefined global functions or variables:
glm integrate lm pbc pchisq plot pnorm quantile rexp sd
Consider adding
importFrom("graphics", "plot")
importFrom("stats", "glm", "integrate", "lm", "pchisq", "pnorm",
"quantile", "rexp", "sd")
to your NAMESPACE file.
Flavors: r-devel-linux-x86_64-debian-clang, r-devel-linux-x86_64-debian-gcc, r-devel-linux-x86_64-fedora-clang, r-devel-linux-x86_64-fedora-gcc, r-devel-macos-x86_64-clang, r-devel-windows-ix86+x86_64, r-patched-linux-x86_64, r-patched-solaris-sparc, r-patched-solaris-x86, r-release-linux-x86_64, r-release-osx-x86_64-mavericks, r-release-windows-ix86+x86_64
Version: 1.0-4
Check: R code for possible problems
Result: NOTE
pbc.sample: no visible binding for global variable 'pbc'
Flavor: r-oldrel-windows-ix86+x86_64