CRAN Package Check Results for Package survminer

Last updated on 2016-10-25 23:47:56.

Flavor Version Tinstall Tcheck Ttotal Status Flags
r-devel-linux-x86_64-debian-clang 0.2.2 2.78 51.58 54.37 OK
r-devel-linux-x86_64-debian-gcc 0.2.2 2.68 52.34 55.03 OK
r-devel-linux-x86_64-fedora-clang 0.2.2 119.94 OK
r-devel-linux-x86_64-fedora-gcc 0.2.2 116.33 OK
r-devel-windows-ix86+x86_64 0.2.2 13.00 87.00 100.00 WARN
r-patched-linux-x86_64 0.2.2 3.02 49.39 52.42 OK
r-patched-solaris-sparc 0.2.2 779.80 OK
r-patched-solaris-x86 0.2.2 144.20 OK
r-release-linux-x86_64 0.2.2 3.01 51.64 54.66 OK
r-release-osx-x86_64-mavericks 0.2.2 WARN
r-release-windows-ix86+x86_64 0.2.2 9.00 70.00 79.00 WARN
r-oldrel-windows-ix86+x86_64 0.2.2 14.00 99.00 113.00 NOTE

Check Details

Version: 0.2.2
Check: package dependencies
Result: NOTE
    Package suggested but not available for checking: 'RTCGA.clinical'
Flavors: r-devel-windows-ix86+x86_64, r-release-osx-x86_64-mavericks, r-release-windows-ix86+x86_64, r-oldrel-windows-ix86+x86_64

Version: 0.2.2
Check: re-building of vignette outputs
Result: WARN
    Error in re-building vignettes:
     ...
    Loading required package: ggplot2
    Quitting from lines 55-64 (Informative_Survival_Plots.Rmd)
    Error: processing vignette 'Informative_Survival_Plots.Rmd' failed with diagnostics:
    there is no package called 'RTCGA.clinical'
    Execution halted
Flavors: r-devel-windows-ix86+x86_64, r-release-windows-ix86+x86_64

Version: 0.2.2
Check: re-building of vignette outputs
Result: WARN
    Error in re-building vignettes:
     ...
    Warning in (if (grepl("\\.[Rr]md$", file)) knit2html else if (grepl("\\.[Rr]rst$", :
     It seems you should call rmarkdown::render() instead of knitr::knit2html() because Informative_Survival_Plots.Rmd appears to be an R Markdown v2 document.
    Loading required package: ggplot2
    Quitting from lines 55-64 (Informative_Survival_Plots.Rmd)
    Error: processing vignette 'Informative_Survival_Plots.Rmd' failed with diagnostics:
    there is no package called 'RTCGA.clinical'
    Execution halted
Flavor: r-release-osx-x86_64-mavericks

Version: 0.2.2
Check: re-building of vignette outputs
Result: NOTE
    Error in re-building vignettes:
     ...
    Loading required package: ggplot2
    Quitting from lines 55-64 (Informative_Survival_Plots.Rmd)
    Error: processing vignette 'Informative_Survival_Plots.Rmd' failed with diagnostics:
    there is no package called 'RTCGA.clinical'
    Execution halted
Flavor: r-oldrel-windows-ix86+x86_64