Last updated on 2016-10-25 23:47:56.
Flavor | Version | Tinstall | Tcheck | Ttotal | Status | Flags |
---|---|---|---|---|---|---|
r-devel-linux-x86_64-debian-clang | 0.7-12 | 0.73 | 17.85 | 18.58 | NOTE | |
r-devel-linux-x86_64-debian-gcc | 0.7-12 | 0.74 | 17.74 | 18.48 | NOTE | |
r-devel-linux-x86_64-fedora-clang | 0.7-12 | 33.16 | NOTE | |||
r-devel-linux-x86_64-fedora-gcc | 0.7-12 | 31.02 | NOTE | |||
r-devel-windows-ix86+x86_64 | 0.7-12 | 5.00 | 60.00 | 65.00 | NOTE | |
r-patched-linux-x86_64 | 0.7-12 | 0.68 | 17.24 | 17.91 | NOTE | |
r-patched-solaris-sparc | 0.7-12 | 178.60 | NOTE | |||
r-patched-solaris-x86 | 0.7-12 | 37.20 | NOTE | |||
r-release-linux-x86_64 | 0.7-12 | 0.72 | 17.11 | 17.83 | NOTE | |
r-release-osx-x86_64-mavericks | 0.7-12 | NOTE | ||||
r-release-windows-ix86+x86_64 | 0.7-12 | 3.00 | 40.00 | 43.00 | NOTE | |
r-oldrel-windows-ix86+x86_64 | 0.7-12 | 2.00 | 37.00 | 39.00 | NOTE |
Version: 0.7-12
Check: DESCRIPTION meta-information
Result: NOTE
Malformed Description field: should contain one or more complete sentences.
Flavors: r-devel-linux-x86_64-debian-clang, r-devel-linux-x86_64-debian-gcc, r-devel-linux-x86_64-fedora-clang, r-devel-linux-x86_64-fedora-gcc, r-devel-macos-x86_64-clang, r-devel-windows-ix86+x86_64, r-patched-linux-x86_64, r-patched-solaris-sparc, r-patched-solaris-x86, r-release-linux-x86_64, r-release-osx-x86_64-mavericks, r-release-windows-ix86+x86_64, r-oldrel-windows-ix86+x86_64
Version: 0.7-12
Check: dependencies in R code
Result: NOTE
'library' or 'require' call to ‘XML’ in package code.
Please use :: or requireNamespace() instead.
See section 'Suggested packages' in the 'Writing R Extensions' manual.
Flavors: r-devel-linux-x86_64-debian-clang, r-devel-linux-x86_64-debian-gcc, r-devel-linux-x86_64-fedora-clang, r-devel-linux-x86_64-fedora-gcc, r-devel-macos-x86_64-clang, r-devel-windows-ix86+x86_64, r-patched-linux-x86_64, r-patched-solaris-sparc, r-patched-solaris-x86, r-release-linux-x86_64, r-release-osx-x86_64-mavericks, r-release-windows-ix86+x86_64, r-oldrel-windows-ix86+x86_64
Version: 0.7-12
Check: R code for possible problems
Result: NOTE
.formatResult : capture.str: no visible global function definition for
‘str’
createLog: no visible global function definition for ‘sessionInfo’
protocol_junit.svSuiteData: no visible global function definition for
‘xmlNode’
protocol_junit.svSuiteData: no visible global function definition for
‘addChildren’
protocol_junit.svSuiteData: no visible global function definition for
‘saveXML’
protocol_junit.svTestData: no visible global function definition for
‘xmlNode’
protocol_junit.svTestData: no visible global function definition for
‘addChildren’
Undefined global functions or variables:
addChildren saveXML sessionInfo str xmlNode
Consider adding
importFrom("utils", "sessionInfo", "str")
to your NAMESPACE file.
Flavors: r-devel-linux-x86_64-debian-clang, r-devel-linux-x86_64-debian-gcc, r-devel-linux-x86_64-fedora-clang, r-devel-linux-x86_64-fedora-gcc, r-devel-macos-x86_64-clang, r-devel-windows-ix86+x86_64, r-patched-linux-x86_64, r-patched-solaris-sparc, r-patched-solaris-x86, r-release-linux-x86_64, r-release-osx-x86_64-mavericks, r-release-windows-ix86+x86_64
Version: 0.7-12
Check: R code for possible problems
Result: NOTE
protocol_junit.svSuiteData: no visible global function definition for
'xmlNode'
protocol_junit.svSuiteData: no visible global function definition for
'addChildren'
protocol_junit.svSuiteData: no visible global function definition for
'saveXML'
protocol_junit.svTestData: no visible global function definition for
'xmlNode'
protocol_junit.svTestData: no visible global function definition for
'addChildren'
Flavor: r-oldrel-windows-ix86+x86_64