Last updated on 2016-10-25 23:47:56.
Flavor | Version | Tinstall | Tcheck | Ttotal | Status | Flags |
---|---|---|---|---|---|---|
r-devel-linux-x86_64-debian-clang | 1.4 | 0.60 | 25.60 | 26.20 | NOTE | |
r-devel-linux-x86_64-debian-gcc | 1.4 | 0.67 | 24.57 | 25.24 | NOTE | |
r-devel-linux-x86_64-fedora-clang | 1.4 | 47.28 | NOTE | |||
r-devel-linux-x86_64-fedora-gcc | 1.4 | 45.94 | NOTE | |||
r-devel-windows-ix86+x86_64 | 1.4 | 5.00 | 68.00 | 73.00 | NOTE | |
r-patched-linux-x86_64 | 1.4 | 0.58 | 23.08 | 23.66 | NOTE | |
r-patched-solaris-sparc | 1.4 | 318.80 | NOTE | |||
r-patched-solaris-x86 | 1.4 | 60.50 | NOTE | |||
r-release-linux-x86_64 | 1.4 | 0.55 | 22.68 | 23.23 | NOTE | |
r-release-osx-x86_64-mavericks | 1.4 | NOTE | ||||
r-release-windows-ix86+x86_64 | 1.4 | 2.00 | 63.00 | 65.00 | NOTE | |
r-oldrel-windows-ix86+x86_64 | 1.4 | 5.00 | 64.00 | 69.00 | NOTE |
Version: 1.4
Check: DESCRIPTION meta-information
Result: NOTE
Malformed Title field: should not end in a period.
Flavors: r-devel-linux-x86_64-debian-clang, r-devel-linux-x86_64-debian-gcc, r-devel-linux-x86_64-fedora-clang, r-devel-linux-x86_64-fedora-gcc, r-devel-macos-x86_64-clang, r-devel-windows-ix86+x86_64, r-patched-linux-x86_64, r-patched-solaris-sparc, r-patched-solaris-x86, r-release-linux-x86_64, r-release-osx-x86_64-mavericks, r-release-windows-ix86+x86_64, r-oldrel-windows-ix86+x86_64
Version: 1.4
Check: R code for possible problems
Result: NOTE
fitModel: no visible global function definition for ‘var’
fitModel: no visible global function definition for ‘cov’
svpls: no visible global function definition for ‘pt’
Undefined global functions or variables:
cov pt var
Consider adding
importFrom("stats", "cov", "pt", "var")
to your NAMESPACE file.
Flavors: r-devel-linux-x86_64-debian-clang, r-devel-linux-x86_64-debian-gcc, r-devel-linux-x86_64-fedora-clang, r-devel-linux-x86_64-fedora-gcc, r-devel-macos-x86_64-clang, r-devel-windows-ix86+x86_64, r-patched-linux-x86_64, r-patched-solaris-sparc, r-patched-solaris-x86, r-release-linux-x86_64, r-release-osx-x86_64-mavericks, r-release-windows-ix86+x86_64