CRAN Package Check Results for Package text2vec

Last updated on 2016-10-25 23:47:56.

Flavor Version Tinstall Tcheck Ttotal Status Flags
r-devel-linux-x86_64-debian-clang 0.4.0 53.47 104.42 157.89 NOTE
r-devel-linux-x86_64-debian-gcc 0.4.0 57.91 105.45 163.36 NOTE
r-devel-linux-x86_64-fedora-clang 0.4.0 321.32 NOTE
r-devel-linux-x86_64-fedora-gcc 0.4.0 315.59 NOTE
r-devel-windows-ix86+x86_64 0.4.0 224.00 237.00 461.00 NOTE
r-patched-linux-x86_64 0.4.0 48.55 102.38 150.92 NOTE
r-patched-solaris-sparc 0.4.0 2337.70 NOTE
r-patched-solaris-x86 0.4.0 850.20 NOTE
r-release-linux-x86_64 0.4.0 49.08 104.56 153.63 NOTE
r-release-osx-x86_64-mavericks 0.4.0 NOTE
r-release-windows-ix86+x86_64 0.4.0 183.00 224.00 407.00 NOTE
r-oldrel-windows-ix86+x86_64 0.4.0 196.00 303.00 499.00 NOTE

Memtest notes: clang-UBSAN

Check Details

Version: 0.4.0
Check: installed package size
Result: NOTE
     installed size is 12.4Mb
     sub-directories of 1Mb or more:
     data 2.7Mb
     doc 3.5Mb
     libs 5.9Mb
Flavors: r-devel-linux-x86_64-debian-clang, r-devel-linux-x86_64-debian-gcc, r-devel-linux-x86_64-fedora-clang, r-devel-linux-x86_64-fedora-gcc, r-devel-macos-x86_64-clang, r-devel-windows-ix86+x86_64, r-patched-linux-x86_64, r-patched-solaris-sparc, r-patched-solaris-x86, r-release-linux-x86_64, r-release-osx-x86_64-mavericks, r-release-windows-ix86+x86_64, r-oldrel-windows-ix86+x86_64

Version: 0.4.0
Check: for GNU extensions in Makefiles
Result: NOTE
    GNU make is a SystemRequirements.
Flavors: r-devel-linux-x86_64-debian-clang, r-devel-linux-x86_64-debian-gcc, r-devel-linux-x86_64-fedora-clang, r-devel-linux-x86_64-fedora-gcc, r-devel-macos-x86_64-clang, r-devel-windows-ix86+x86_64, r-patched-linux-x86_64, r-patched-solaris-sparc, r-patched-solaris-x86, r-release-linux-x86_64, r-release-osx-x86_64-mavericks, r-release-windows-ix86+x86_64, r-oldrel-windows-ix86+x86_64

Version: 0.4.0
Check: dependencies in R code
Result: NOTE
    Namespace in Imports field not imported from: ‘irlba’
     All declared Imports should be used.
Flavors: r-devel-linux-x86_64-fedora-clang, r-devel-linux-x86_64-fedora-gcc, r-devel-macos-x86_64-clang, r-patched-solaris-sparc, r-patched-solaris-x86, r-release-osx-x86_64-mavericks, r-oldrel-windows-ix86+x86_64