Last updated on 2016-10-25 23:47:56.
Flavor | Version | Tinstall | Tcheck | Ttotal | Status | Flags |
---|---|---|---|---|---|---|
r-devel-linux-x86_64-debian-clang | 0.3-4.1 | 1.56 | 10.33 | 11.89 | NOTE | |
r-devel-linux-x86_64-debian-gcc | 0.3-4.1 | 1.42 | 9.80 | 11.22 | NOTE | |
r-devel-linux-x86_64-fedora-clang | 0.3-4.1 | 20.05 | NOTE | |||
r-devel-linux-x86_64-fedora-gcc | 0.3-4.1 | 17.84 | NOTE | |||
r-devel-windows-ix86+x86_64 | 0.3-4.1 | 11.00 | 45.00 | 56.00 | NOTE | |
r-patched-linux-x86_64 | 0.3-4.1 | 1.19 | 9.07 | 10.26 | NOTE | |
r-patched-solaris-sparc | 0.3-4.1 | 111.60 | NOTE | |||
r-patched-solaris-x86 | 0.3-4.1 | 24.70 | NOTE | |||
r-release-linux-x86_64 | 0.3-4.1 | 1.20 | 9.12 | 10.32 | NOTE | |
r-release-osx-x86_64-mavericks | 0.3-4.1 | NOTE | ||||
r-release-windows-ix86+x86_64 | 0.3-4.1 | 7.00 | 28.00 | 35.00 | NOTE | |
r-oldrel-windows-ix86+x86_64 | 0.3-4.1 | 7.00 | 32.00 | 39.00 | NOTE |
Memtest notes: clang-UBSAN
Version: 0.3-4.1
Check: foreign function calls
Result: NOTE
Calls with DUP:
.C("zstat_pathway_perm", as.double(g), as.integer(m), as.integer(length(m)),
as.double(aff), as.integer(length(aff)), as.double(thresh),
as.integer(gsubsetmatrix), as.integer(nrow(gsubsetmatrix)),
as.integer(use_sign), as.integer(use_weight), as.integer(strategy),
as.integer(nperm), ret_pvalue, DUP = FALSE)
.C("zstat_perm", as.double(g), as.integer(m), as.integer(length(m)),
as.double(aff), as.integer(length(aff)), as.double(thresh),
as.integer(gsubsetmatrix), as.integer(nrow(gsubsetmatrix)),
as.integer(use_sign), as.integer(use_weight), as.integer(strategy),
as.integer(nperm), ret_pvalue, DUP = FALSE)
DUP is no longer supported and will be ignored.
Flavors: r-devel-linux-x86_64-debian-clang, r-devel-linux-x86_64-debian-gcc, r-devel-linux-x86_64-fedora-clang, r-devel-linux-x86_64-fedora-gcc, r-devel-macos-x86_64-clang, r-devel-windows-ix86+x86_64, r-patched-linux-x86_64, r-patched-solaris-sparc, r-patched-solaris-x86, r-release-linux-x86_64, r-release-osx-x86_64-mavericks, r-release-windows-ix86+x86_64, r-oldrel-windows-ix86+x86_64