CRAN Package Check Results for Package tidyr

Last updated on 2016-10-25 23:47:56.

Flavor Version Tinstall Tcheck Ttotal Status Flags
r-devel-linux-x86_64-debian-clang 0.6.0 15.10 21.04 36.14 OK
r-devel-linux-x86_64-debian-gcc 0.6.0 16.05 21.00 37.05 OK
r-devel-linux-x86_64-fedora-clang 0.6.0 73.12 NOTE
r-devel-linux-x86_64-fedora-gcc 0.6.0 67.76 NOTE
r-devel-windows-ix86+x86_64 0.6.0 66.00 80.00 146.00 OK
r-patched-linux-x86_64 0.6.0 13.69 19.76 33.46 OK
r-patched-solaris-sparc 0.6.0 336.90 NOTE
r-patched-solaris-x86 0.6.0 74.60 NOTE
r-release-linux-x86_64 0.6.0 13.77 19.71 33.48 OK
r-release-osx-x86_64-mavericks 0.6.0 NOTE
r-release-windows-ix86+x86_64 0.6.0 48.00 71.00 119.00 OK
r-oldrel-windows-ix86+x86_64 0.6.0 61.00 75.00 136.00 NOTE

Check Details

Version: 0.6.0
Check: data for non-ASCII characters
Result: NOTE
     Note: found 23 marked UTF-8 strings
Flavors: r-devel-linux-x86_64-fedora-clang, r-devel-linux-x86_64-fedora-gcc, r-devel-macos-x86_64-clang, r-patched-solaris-sparc, r-patched-solaris-x86, r-release-osx-x86_64-mavericks, r-oldrel-windows-ix86+x86_64