CRAN Package Check Results for Package tis

Last updated on 2016-10-25 23:47:57.

Flavor Version Tinstall Tcheck Ttotal Status Flags
r-devel-linux-x86_64-debian-clang 1.30 1.95 28.20 30.15 NOTE
r-devel-linux-x86_64-debian-gcc 1.30 1.84 28.27 30.10 NOTE
r-devel-linux-x86_64-fedora-clang 1.30 53.31 NOTE
r-devel-linux-x86_64-fedora-gcc 1.30 50.95 NOTE
r-devel-windows-ix86+x86_64 1.30 15.00 71.00 86.00 NOTE
r-patched-linux-x86_64 1.30 1.78 27.40 29.18 NOTE
r-patched-solaris-sparc 1.30 325.60 NOTE
r-patched-solaris-x86 1.30 58.60 NOTE
r-release-linux-x86_64 1.30 1.77 27.05 28.82 NOTE
r-release-osx-x86_64-mavericks 1.30 NOTE
r-release-windows-ix86+x86_64 1.30 8.00 71.00 79.00 NOTE
r-oldrel-windows-ix86+x86_64 1.30 17.00 74.00 91.00 OK

Check Details

Version: 1.30
Check: R code for possible problems
Result: NOTE
    adjustableTierChart: no visible global function definition for
     ‘postscript’
    adjustableTierChart: no visible global function definition for
     ‘dev.off’
    barplot2: no visible global function definition for ‘grey.colors’
    barplot2: no visible global function definition for ‘dev.hold’
    barplot2: no visible global function definition for ‘dev.flush’
    nberShade.ggplot: no visible global function definition for
     ‘extendrange’
    scatterPlot: no visible global function definition for ‘xy.coords’
    screenPage: no visible global function definition for ‘dev.list’
    setColors: no visible global function definition for ‘palette’
    ymdShade: no visible global function definition for ‘grey’
    ymdXy: no visible global function definition for ‘dev.cur’
    Undefined global functions or variables:
     dev.cur dev.flush dev.hold dev.list dev.off extendrange grey
     grey.colors palette postscript xy.coords
    Consider adding
     importFrom("grDevices", "dev.cur", "dev.flush", "dev.hold", "dev.list",
     "dev.off", "extendrange", "grey", "grey.colors", "palette",
     "postscript", "xy.coords")
    to your NAMESPACE file.
Flavors: r-devel-linux-x86_64-debian-clang, r-devel-linux-x86_64-debian-gcc, r-devel-linux-x86_64-fedora-clang, r-devel-linux-x86_64-fedora-gcc, r-devel-macos-x86_64-clang, r-devel-windows-ix86+x86_64, r-patched-linux-x86_64, r-patched-solaris-sparc, r-patched-solaris-x86, r-release-linux-x86_64, r-release-osx-x86_64-mavericks, r-release-windows-ix86+x86_64