Last updated on 2016-10-25 23:47:57.
Flavor | Version | Tinstall | Tcheck | Ttotal | Status | Flags |
---|---|---|---|---|---|---|
r-devel-linux-x86_64-debian-clang | 0.2-4 | 5.00 | 156.17 | 161.17 | NOTE | |
r-devel-linux-x86_64-debian-gcc | 0.2-4 | 5.36 | 154.96 | 160.33 | NOTE | |
r-devel-linux-x86_64-fedora-clang | 0.2-4 | 252.86 | NOTE | |||
r-devel-linux-x86_64-fedora-gcc | 0.2-4 | 248.45 | NOTE | |||
r-devel-windows-ix86+x86_64 | 0.2-4 | 27.00 | 193.00 | 220.00 | OK | |
r-patched-linux-x86_64 | 0.2-4 | 4.22 | 154.02 | 158.23 | NOTE | |
r-patched-solaris-sparc | 0.2-4 | 1342.40 | OK | |||
r-patched-solaris-x86 | 0.2-4 | 285.20 | OK | |||
r-release-linux-x86_64 | 0.2-4 | 4.37 | 153.50 | 157.87 | NOTE | |
r-release-osx-x86_64-mavericks | 0.2-4 | NOTE | ||||
r-release-windows-ix86+x86_64 | 0.2-4 | 24.00 | 274.00 | 298.00 | OK | |
r-oldrel-windows-ix86+x86_64 | 0.2-4 | 47.00 | 353.00 | 400.00 | OK |
Version: 0.2-4
Check: package dependencies
Result: NOTE
Package suggested but not available for checking: ‘corpus.JSS.papers’
Flavors: r-devel-linux-x86_64-debian-clang, r-devel-linux-x86_64-debian-gcc, r-devel-linux-x86_64-fedora-clang, r-devel-linux-x86_64-fedora-gcc, r-devel-macos-x86_64-clang, r-patched-linux-x86_64, r-release-linux-x86_64, r-release-osx-x86_64-mavericks