Last updated on 2016-10-25 23:47:57.
Flavor | Version | Tinstall | Tcheck | Ttotal | Status | Flags |
---|---|---|---|---|---|---|
r-devel-linux-x86_64-debian-clang | 0.11-0 | 39.02 | 115.18 | 154.19 | NOTE | |
r-devel-linux-x86_64-debian-gcc | 0.11-0 | 41.35 | 115.70 | 157.05 | NOTE | |
r-devel-linux-x86_64-fedora-clang | 0.11-0 | 299.67 | NOTE | |||
r-devel-linux-x86_64-fedora-gcc | 0.11-0 | 289.09 | NOTE | |||
r-devel-windows-ix86+x86_64 | 0.11-0 | 151.00 | 285.00 | 436.00 | NOTE | |
r-patched-linux-x86_64 | 0.11-0 | 33.90 | 111.63 | 145.53 | NOTE | |
r-patched-solaris-sparc | 0.11-0 | 1372.50 | NOTE | --no-vignettes | ||
r-patched-solaris-x86 | 0.11-0 | 296.30 | NOTE | |||
r-release-linux-x86_64 | 0.11-0 | 35.61 | 112.00 | 147.62 | NOTE | |
r-release-osx-x86_64-mavericks | 0.11-0 | NOTE | ||||
r-release-windows-ix86+x86_64 | 0.11-0 | 124.00 | 231.00 | 355.00 | NOTE | |
r-oldrel-windows-ix86+x86_64 | 0.11-0 | 144.00 | 368.00 | 512.00 | NOTE |
Version: 0.11-0
Check: installed package size
Result: NOTE
installed size is 5.3Mb
sub-directories of 1Mb or more:
doc 1.6Mb
libs 2.0Mb
Flavors: r-devel-linux-x86_64-debian-clang, r-devel-linux-x86_64-debian-gcc, r-devel-linux-x86_64-fedora-clang, r-devel-linux-x86_64-fedora-gcc, r-devel-windows-ix86+x86_64, r-patched-linux-x86_64, r-release-linux-x86_64, r-release-osx-x86_64-mavericks
Version: 0.11-0
Check: for GNU extensions in Makefiles
Result: NOTE
GNU make is a SystemRequirements.
Flavors: r-devel-linux-x86_64-debian-clang, r-devel-linux-x86_64-debian-gcc, r-devel-linux-x86_64-fedora-clang, r-devel-linux-x86_64-fedora-gcc, r-devel-macos-x86_64-clang, r-devel-windows-ix86+x86_64, r-patched-linux-x86_64, r-patched-solaris-x86, r-release-linux-x86_64, r-release-osx-x86_64-mavericks, r-release-windows-ix86+x86_64, r-oldrel-windows-ix86+x86_64
Version: 0.11-0
Flags: --no-vignettes
Check: for GNU extensions in Makefiles
Result: NOTE
GNU make is a SystemRequirements.
Flavor: r-patched-solaris-sparc