Last updated on 2016-10-25 23:47:57.
Flavor | Version | Tinstall | Tcheck | Ttotal | Status | Flags |
---|---|---|---|---|---|---|
r-devel-linux-x86_64-debian-clang | 0.9.2 | 0.80 | 15.72 | 16.52 | WARN | |
r-devel-linux-x86_64-debian-gcc | 0.9.2 | 0.85 | 16.23 | 17.08 | WARN | |
r-devel-linux-x86_64-fedora-clang | 0.9.2 | 28.10 | WARN | |||
r-devel-linux-x86_64-fedora-gcc | 0.9.2 | 26.71 | WARN | |||
r-devel-windows-ix86+x86_64 | 0.9.2 | 6.00 | 48.00 | 54.00 | WARN | |
r-patched-linux-x86_64 | 0.9.2 | 0.82 | 14.43 | 15.25 | OK | |
r-patched-solaris-sparc | 0.9.2 | 162.10 | OK | |||
r-patched-solaris-x86 | 0.9.2 | 36.40 | OK | |||
r-release-linux-x86_64 | 0.9.2 | 0.86 | 14.31 | 15.17 | OK | |
r-release-osx-x86_64-mavericks | 0.9.2 | OK | ||||
r-release-windows-ix86+x86_64 | 0.9.2 | 4.00 | 45.00 | 49.00 | OK | |
r-oldrel-windows-ix86+x86_64 | 0.9.2 | 6.00 | 47.00 | 53.00 | OK |
Version: 0.9.2
Check: files in ‘vignettes’
Result: WARN
Files in the 'vignettes' directory newer than all files in 'inst/doc':
‘Tutorial.Rmd’
Flavors: r-devel-linux-x86_64-debian-clang, r-devel-linux-x86_64-debian-gcc, r-devel-linux-x86_64-fedora-clang, r-devel-linux-x86_64-fedora-gcc, r-devel-macos-x86_64-clang, r-devel-windows-ix86+x86_64