Last updated on 2016-10-25 23:47:58.
Flavor | Version | Tinstall | Tcheck | Ttotal | Status | Flags |
---|---|---|---|---|---|---|
r-devel-linux-x86_64-debian-clang | 0.1.3 | 0.58 | 10.60 | 11.19 | OK | |
r-devel-linux-x86_64-debian-gcc | 0.1.3 | 0.61 | 10.41 | 11.02 | OK | |
r-devel-linux-x86_64-fedora-clang | 0.1.3 | 18.90 | NOTE | |||
r-devel-linux-x86_64-fedora-gcc | 0.1.3 | 17.41 | NOTE | |||
r-devel-windows-ix86+x86_64 | 0.1.3 | 3.00 | 27.00 | 30.00 | OK | |
r-patched-linux-x86_64 | 0.1.3 | 0.52 | 9.80 | 10.31 | OK | |
r-patched-solaris-sparc | 0.1.3 | 99.90 | NOTE | |||
r-patched-solaris-x86 | 0.1.3 | 22.30 | NOTE | |||
r-release-linux-x86_64 | 0.1.3 | 0.52 | 9.41 | 9.93 | OK | |
r-release-osx-x86_64-mavericks | 0.1.3 | NOTE | ||||
r-release-windows-ix86+x86_64 | 0.1.3 | 3.00 | 25.00 | 28.00 | OK | |
r-oldrel-windows-ix86+x86_64 | 0.1.3 | 3.00 | 30.00 | 33.00 | NOTE |
Version: 0.1.3
Check: dependencies in R code
Result: NOTE
Namespace in Imports field not imported from: ‘stats’
All declared Imports should be used.
Flavors: r-devel-linux-x86_64-fedora-clang, r-devel-linux-x86_64-fedora-gcc, r-devel-macos-x86_64-clang, r-patched-solaris-sparc, r-patched-solaris-x86, r-release-osx-x86_64-mavericks, r-oldrel-windows-ix86+x86_64