CRAN Package Check Results for Package vtreat

Last updated on 2016-10-25 23:47:58.

Flavor Version Tinstall Tcheck Ttotal Status Flags
r-devel-linux-x86_64-debian-clang 0.5.27 0.82 70.57 71.39 OK
r-devel-linux-x86_64-debian-gcc 0.5.27 0.94 62.88 63.81 OK
r-devel-linux-x86_64-fedora-clang 0.5.28 124.44 OK
r-devel-linux-x86_64-fedora-gcc 0.5.28 130.88 OK
r-devel-windows-ix86+x86_64 0.5.27 5.00 137.00 142.00 OK
r-patched-linux-x86_64 0.5.27 0.90 62.07 62.97 OK
r-patched-solaris-sparc 0.5.28 655.60 OK
r-patched-solaris-x86 0.5.28 123.60 OK
r-release-linux-x86_64 0.5.27 0.87 64.37 65.24 OK
r-release-osx-x86_64-mavericks 0.5.28 OK
r-release-windows-ix86+x86_64 0.5.28 4.00 96.00 100.00 OK
r-oldrel-windows-ix86+x86_64 0.5.28 5.00 122.00 127.00 NOTE

Check Details

Version: 0.5.28
Check: re-building of vignette outputs
Result: NOTE
    Error in re-building vignettes:
     ...
    
    Attaching package: 'dplyr'
    
    The following objects are masked from 'package:stats':
    
     filter, lag
    
    The following objects are masked from 'package:base':
    
     intersect, setdiff, setequal, union
    
    Quitting from lines 65-67 (vtreatRareLevels.Rmd)
    Error: processing vignette 'vtreatRareLevels.Rmd' failed with diagnostics:
    unused argument (left.open = TRUE)
    Execution halted
Flavor: r-oldrel-windows-ix86+x86_64