CRAN Package Check Results for Package webshot

Last updated on 2016-10-25 23:47:58.

Flavor Version Tinstall Tcheck Ttotal Status Flags
r-devel-linux-x86_64-debian-clang 0.3.2 0.65 12.01 12.66 OK
r-devel-linux-x86_64-debian-gcc 0.3.2 0.74 11.83 12.57 OK
r-devel-linux-x86_64-fedora-clang 0.3.2 20.06 OK
r-devel-linux-x86_64-fedora-gcc 0.3.2 18.73 OK
r-devel-windows-ix86+x86_64 0.3.2 7.00 34.00 41.00 OK --no-vignettes
r-patched-linux-x86_64 0.3.2 0.67 10.93 11.60 OK
r-patched-solaris-sparc 0.3.2 119.30 WARN
r-patched-solaris-x86 0.3.2 27.10 OK
r-release-linux-x86_64 0.3.2 0.66 10.62 11.28 OK
r-release-osx-x86_64-mavericks 0.3.2 OK
r-release-windows-ix86+x86_64 0.3.2 4.00 36.00 40.00 OK --no-vignettes
r-oldrel-windows-ix86+x86_64 0.3.2 6.00 28.00 34.00 OK --no-vignettes

Check Details

Version: 0.3.2
Check: re-building of vignette outputs
Result: WARN
    Error in re-building vignettes:
     ...
    Warning: It seems you should call rmarkdown::render() instead of knitr::knit2html() because intro.Rmd appears to be an R Markdown v2 document.
    Quitting from lines 96-98 (intro.Rmd)
    Error: processing vignette 'intro.Rmd' failed with diagnostics:
    cannot open the connection
    Execution halted
Flavor: r-patched-solaris-sparc