CRAN Package Check Results for Package wikipediatrend

Last updated on 2016-10-25 23:47:58.

Flavor Version Tinstall Tcheck Ttotal Status Flags
r-devel-linux-x86_64-debian-clang 1.1.10 0.90 66.00 66.90 NOTE
r-devel-linux-x86_64-debian-gcc 1.1.10 0.92 68.77 69.69 NOTE
r-devel-linux-x86_64-fedora-clang 1.1.10 74.77 NOTE
r-devel-linux-x86_64-fedora-gcc 1.1.10 73.17 NOTE
r-devel-windows-ix86+x86_64 1.1.10 5.00 131.00 136.00 OK
r-patched-linux-x86_64 1.1.10 0.82 65.57 66.39 NOTE
r-patched-solaris-sparc 1.1.10 443.10 NOTE
r-patched-solaris-x86 1.1.10 96.00 NOTE
r-release-linux-x86_64 1.1.10 0.89 68.02 68.91 NOTE
r-release-osx-x86_64-mavericks 1.1.10 NOTE
r-release-windows-ix86+x86_64 1.1.10 3.00 122.00 125.00 OK
r-oldrel-windows-ix86+x86_64 1.1.10 6.00 152.00 158.00 OK

Check Details

Version: 1.1.10
Check: package dependencies
Result: NOTE
    Packages suggested but not available for checking:
     ‘AnomalyDetection’ ‘BreakoutDetection’
Flavors: r-devel-linux-x86_64-debian-clang, r-devel-linux-x86_64-debian-gcc, r-devel-linux-x86_64-fedora-clang, r-devel-linux-x86_64-fedora-gcc, r-devel-macos-x86_64-clang, r-patched-linux-x86_64, r-patched-solaris-sparc, r-patched-solaris-x86, r-release-linux-x86_64, r-release-osx-x86_64-mavericks