CRAN Package Check Results for Package windex

Last updated on 2016-10-25 23:47:58.

Flavor Version Tinstall Tcheck Ttotal Status Flags
r-devel-linux-x86_64-debian-clang 1.0 1.08 17.59 18.67 NOTE
r-devel-linux-x86_64-debian-gcc 1.0 1.11 17.57 18.68 NOTE
r-devel-linux-x86_64-fedora-clang 1.0 35.07 NOTE
r-devel-linux-x86_64-fedora-gcc 1.0 32.94 NOTE
r-devel-windows-ix86+x86_64 1.0 7.00 51.00 58.00 NOTE
r-patched-linux-x86_64 1.0 1.06 16.87 17.92 NOTE
r-patched-solaris-sparc 1.0 187.40 NOTE
r-patched-solaris-x86 1.0 43.90 NOTE
r-release-linux-x86_64 1.0 1.11 16.64 17.75 NOTE
r-release-osx-x86_64-mavericks 1.0 NOTE
r-release-windows-ix86+x86_64 1.0 4.00 53.00 57.00 NOTE
r-oldrel-windows-ix86+x86_64 1.0 7.00 52.00 59.00 OK

Check Details

Version: 1.0
Check: R code for possible problems
Result: NOTE
    plotTrait: no visible global function definition for ‘plot’
    plotTrait: no visible global function definition for ‘points’
    plotTrait: no visible global function definition for ‘legend’
    test.windex: no visible global function definition for ‘hist’
    test.windex: no visible global function definition for ‘abline’
    test.windex: no visible global function definition for ‘legend’
    windex: no visible global function definition for ‘sd’
    windex: no visible global function definition for ‘var’
    windex: no visible global function definition for ‘dist’
    windex: no visible global function definition for ‘quantile’
    Undefined global functions or variables:
     abline dist hist legend plot points quantile sd var
    Consider adding
     importFrom("graphics", "abline", "hist", "legend", "plot", "points")
     importFrom("stats", "dist", "quantile", "sd", "var")
    to your NAMESPACE file.
Flavors: r-devel-linux-x86_64-debian-clang, r-devel-linux-x86_64-debian-gcc, r-devel-linux-x86_64-fedora-clang, r-devel-linux-x86_64-fedora-gcc, r-devel-macos-x86_64-clang, r-devel-windows-ix86+x86_64, r-patched-linux-x86_64, r-patched-solaris-sparc, r-patched-solaris-x86, r-release-linux-x86_64, r-release-osx-x86_64-mavericks, r-release-windows-ix86+x86_64