Last updated on 2016-10-25 23:47:58.
Flavor | Version | Tinstall | Tcheck | Ttotal | Status | Flags |
---|---|---|---|---|---|---|
r-devel-linux-x86_64-debian-clang | 1.6.25 | 42.16 | 22.92 | 65.08 | OK | |
r-devel-linux-x86_64-debian-gcc | 1.6.25 | 46.25 | 23.26 | 69.51 | NOTE | |
r-devel-linux-x86_64-fedora-clang | 1.6.25 | 124.96 | OK | |||
r-devel-linux-x86_64-fedora-gcc | 1.6.25 | 125.16 | NOTE | |||
r-devel-windows-ix86+x86_64 | 1.6.25 | 186.00 | 84.00 | 270.00 | OK | |
r-patched-linux-x86_64 | 1.6.25 | 40.60 | 23.00 | 63.59 | NOTE | |
r-patched-solaris-sparc | 1.6.25 | 591.70 | OK | |||
r-patched-solaris-x86 | 1.6.25 | 134.60 | OK | |||
r-release-linux-x86_64 | 1.6.25 | 40.35 | 22.75 | 63.10 | NOTE | |
r-release-osx-x86_64-mavericks | 1.6.25 | OK | ||||
r-release-windows-ix86+x86_64 | 1.6.25 | 147.00 | 62.00 | 209.00 | OK | |
r-oldrel-windows-ix86+x86_64 | 1.5.47 | 98.00 | 75.00 | 173.00 | OK |
Version: 1.6.25
Check: installed package size
Result: NOTE
installed size is 5.4Mb
sub-directories of 1Mb or more:
libs 5.2Mb
Flavors: r-devel-linux-x86_64-debian-gcc, r-devel-linux-x86_64-fedora-gcc, r-patched-linux-x86_64, r-release-linux-x86_64