CRAN Package Check Results for Package ADPclust

Last updated on 2016-12-28 23:47:00.

Flavor Version Tinstall Tcheck Ttotal Status Flags
r-devel-linux-x86_64-debian-clang 0.7 1.00 46.74 47.74 OK
r-devel-linux-x86_64-debian-gcc 0.7 1.05 45.11 46.15 OK
r-devel-linux-x86_64-fedora-clang 0.7 77.15 NOTE --no-stop-on-test-error
r-devel-linux-x86_64-fedora-gcc 0.7 97.42 NOTE --no-stop-on-test-error
r-devel-macos-x86_64-clang 0.7 59.90 NOTE --no-stop-on-test-error
r-devel-windows-ix86+x86_64 0.7 5.00 81.00 86.00 OK
r-patched-linux-x86_64 0.7 0.99 38.54 39.53 OK
r-patched-solaris-sparc 0.7 419.60 NOTE
r-patched-solaris-x86 0.7 103.80 NOTE
r-release-linux-x86_64 0.7 0.83 38.16 38.99 OK
r-release-osx-x86_64-mavericks 0.7 NOTE
r-release-windows-ix86+x86_64 0.7 6.00 97.00 103.00 OK
r-oldrel-windows-ix86+x86_64 0.7 4.00 81.00 85.00 NOTE

Check Details

Version: 0.7
Flags: --no-stop-on-test-error
Check: dependencies in R code
Result: NOTE
    Namespaces in Imports field not imported from:
     ‘fields’ ‘knitr’
     All declared Imports should be used.
Flavors: r-devel-linux-x86_64-fedora-clang, r-devel-linux-x86_64-fedora-gcc, r-devel-macos-x86_64-clang

Version: 0.7
Check: dependencies in R code
Result: NOTE
    Namespaces in Imports field not imported from:
     ‘fields’ ‘knitr’
     All declared Imports should be used.
Flavors: r-patched-solaris-sparc, r-patched-solaris-x86, r-release-osx-x86_64-mavericks, r-oldrel-windows-ix86+x86_64