Last updated on 2016-12-28 23:47:00.
Flavor | Version | Tinstall | Tcheck | Ttotal | Status | Flags |
---|---|---|---|---|---|---|
r-devel-linux-x86_64-debian-clang | 1.3 | 5.84 | 54.22 | 60.06 | OK | |
r-devel-linux-x86_64-debian-gcc | 1.3 | 5.74 | 54.39 | 60.12 | OK | |
r-devel-linux-x86_64-fedora-clang | 1.3 | 119.94 | NOTE | --no-stop-on-test-error | ||
r-devel-linux-x86_64-fedora-gcc | 1.3 | 151.58 | NOTE | --no-stop-on-test-error | ||
r-devel-macos-x86_64-clang | 1.3 | 92.92 | NOTE | --no-stop-on-test-error | ||
r-devel-windows-ix86+x86_64 | 1.3 | 16.00 | 103.00 | 119.00 | OK | |
r-patched-linux-x86_64 | 1.3 | 5.77 | 48.40 | 54.17 | OK | |
r-patched-solaris-sparc | 1.3 | 638.10 | NOTE | |||
r-patched-solaris-x86 | 1.3 | 144.30 | NOTE | |||
r-release-linux-x86_64 | 1.3 | 5.54 | 48.43 | 53.98 | OK | |
r-release-osx-x86_64-mavericks | 1.3 | WARN | ||||
r-release-windows-ix86+x86_64 | 1.3 | 23.00 | 132.00 | 155.00 | OK | |
r-oldrel-windows-ix86+x86_64 | 1.3 | 14.00 | 92.00 | 106.00 | NOTE |
Version: 1.3
Flags: --no-stop-on-test-error
Check: data for non-ASCII characters
Result: NOTE
Note: found 3597 marked UTF-8 strings
Flavors: r-devel-linux-x86_64-fedora-clang, r-devel-linux-x86_64-fedora-gcc, r-devel-macos-x86_64-clang
Version: 1.3
Check: data for non-ASCII characters
Result: NOTE
Note: found 3597 marked UTF-8 strings
Flavors: r-patched-solaris-sparc, r-patched-solaris-x86, r-release-osx-x86_64-mavericks, r-oldrel-windows-ix86+x86_64
Version: 1.3
Check: re-building of vignette outputs
Result: WARN
Error in re-building vignettes:
...
The following object is masked from 'package:qdap':
%>%
The following object is masked from 'package:qdapTools':
id
The following objects are masked from 'package:qdapRegex':
escape, explain
The following objects are masked from 'package:stats':
filter, lag
The following objects are masked from 'package:base':
intersect, setdiff, setequal, union
Quitting from lines 56-58 (ANLP_Documentation.Rmd)
Error: processing vignette 'ANLP_Documentation.Rmd' failed with diagnostics:
java.lang.UnsupportedClassVersionError: weka/core/tokenizers/NGramTokenizer : Unsupported major.minor version 51.0
Execution halted
Flavor: r-release-osx-x86_64-mavericks