CRAN Package Check Results for Package ATmet

Last updated on 2016-12-28 23:47:01.

Flavor Version Tinstall Tcheck Ttotal Status Flags
r-devel-linux-x86_64-debian-clang 1.2 2.76 39.14 41.89 NOTE
r-devel-linux-x86_64-debian-gcc 1.2 2.69 39.53 42.22 NOTE
r-devel-linux-x86_64-fedora-clang 1.2 91.94 NOTE --no-stop-on-test-error
r-devel-linux-x86_64-fedora-gcc 1.2 119.05 NOTE --no-stop-on-test-error
r-devel-macos-x86_64-clang 1.2 66.76 NOTE --no-stop-on-test-error
r-devel-windows-ix86+x86_64 1.2 12.00 75.00 87.00 NOTE
r-patched-linux-x86_64 1.2 2.42 36.66 39.08 NOTE
r-patched-solaris-sparc 1.2 541.00 NOTE
r-patched-solaris-x86 1.2 106.90 NOTE
r-release-linux-x86_64 1.2 2.22 36.98 39.20 NOTE
r-release-osx-x86_64-mavericks 1.2 NOTE
r-release-windows-ix86+x86_64 1.2 10.00 63.00 73.00 NOTE
r-oldrel-windows-ix86+x86_64 1.2 8.00 108.00 116.00 OK

Check Details

Version: 1.2
Check: R code for possible problems
Result: NOTE
    LHSdesign: no visible global function definition for ‘qnorm’
    LHSdesign: no visible global function definition for ‘qunif’
    LHSdesign: no visible global function definition for ‘qt’
    MCdesign: no visible global function definition for ‘rnorm’
    MCdesign: no visible global function definition for ‘runif’
    MCdesign: no visible global function definition for ‘rt’
    Undefined global functions or variables:
     qnorm qt qunif rnorm rt runif
    Consider adding
     importFrom("stats", "qnorm", "qt", "qunif", "rnorm", "rt", "runif")
    to your NAMESPACE file.
Flavors: r-devel-linux-x86_64-debian-clang, r-devel-linux-x86_64-debian-gcc, r-devel-windows-ix86+x86_64, r-patched-linux-x86_64, r-patched-solaris-sparc, r-patched-solaris-x86, r-release-linux-x86_64, r-release-osx-x86_64-mavericks, r-release-windows-ix86+x86_64

Version: 1.2
Flags: --no-stop-on-test-error
Check: R code for possible problems
Result: NOTE
    LHSdesign: no visible global function definition for ‘qnorm’
    LHSdesign: no visible global function definition for ‘qunif’
    LHSdesign: no visible global function definition for ‘qt’
    MCdesign: no visible global function definition for ‘rnorm’
    MCdesign: no visible global function definition for ‘runif’
    MCdesign: no visible global function definition for ‘rt’
    Undefined global functions or variables:
     qnorm qt qunif rnorm rt runif
    Consider adding
     importFrom("stats", "qnorm", "qt", "qunif", "rnorm", "rt", "runif")
    to your NAMESPACE file.
Flavors: r-devel-linux-x86_64-fedora-clang, r-devel-linux-x86_64-fedora-gcc, r-devel-macos-x86_64-clang