Last updated on 2016-12-28 23:47:01.
Flavor | Version | Tinstall | Tcheck | Ttotal | Status | Flags |
---|---|---|---|---|---|---|
r-devel-linux-x86_64-debian-clang | 2.0 | 0.90 | 26.50 | 27.40 | NOTE | |
r-devel-linux-x86_64-debian-gcc | 2.0 | 0.90 | 25.66 | 26.55 | NOTE | |
r-devel-linux-x86_64-fedora-clang | 2.0 | 37.30 | NOTE | --no-stop-on-test-error | ||
r-devel-linux-x86_64-fedora-gcc | 2.0 | 41.98 | NOTE | --no-stop-on-test-error | ||
r-devel-macos-x86_64-clang | 2.0 | 31.00 | NOTE | --no-stop-on-test-error | ||
r-devel-windows-ix86+x86_64 | 2.0 | 7.00 | 62.00 | 69.00 | NOTE | |
r-patched-linux-x86_64 | 2.0 | 0.74 | 23.49 | 24.23 | NOTE | |
r-patched-solaris-sparc | 2.0 | 187.30 | NOTE | |||
r-patched-solaris-x86 | 2.0 | 41.30 | NOTE | |||
r-release-linux-x86_64 | 2.0 | 0.70 | 23.89 | 24.59 | NOTE | |
r-release-osx-x86_64-mavericks | 2.0 | NOTE | ||||
r-release-windows-ix86+x86_64 | 2.0 | 5.00 | 42.00 | 47.00 | NOTE | |
r-oldrel-windows-ix86+x86_64 | 2.0 | 3.00 | 55.00 | 58.00 | OK |
Version: 2.0
Check: R code for possible problems
Result: NOTE
AcumNormalC: no visible global function definition for ‘pnorm’
AcumSlash : f1: no visible global function definition for ‘pnorm’
AcumSlash: no visible global function definition for ‘integrate’
BayCens: no visible global function definition for ‘txtProgressBar’
BayCens: no visible global function definition for ‘setTxtProgressBar’
Bayes.CR: no visible binding for global variable ‘sd’
Bayes.CR: no visible global function definition for ‘sd’
Gibbs: no visible global function definition for ‘lm’
Gibbs: no visible global function definition for ‘coefficients’
Gibbs: no visible global function definition for ‘rnorm’
Gibbs: no visible global function definition for ‘runif’
GibbsTruncSMN: no visible global function definition for ‘lm’
GibbsTruncSMN: no visible global function definition for ‘coefficients’
GibbsTruncSMN: no visible global function definition for ‘runif’
GibbsTruncSMN: no visible global function definition for ‘rbeta’
GibbsTruncSMN: no visible global function definition for ‘rbinom’
LogVerosCens: no visible global function definition for ‘dnorm’
LogVerosCens: no visible global function definition for ‘pnorm’
LogVerosCens: no visible global function definition for ‘dt’
LogVerosCens: no visible global function definition for ‘pt’
MHnu: no visible global function definition for ‘deriv’
MHnu: no visible global function definition for ‘runif’
MHnuST: no visible global function definition for ‘deriv’
MHnuST: no visible global function definition for ‘runif’
MHrhoCN: no visible global function definition for ‘rlnorm’
MHrhoCN: no visible global function definition for ‘runif’
PearsonVII: no visible global function definition for ‘pt’
Rhat: no visible binding for global variable ‘var’
Rhat: no visible global function definition for ‘cov’
Rhat: no visible global function definition for ‘var’
cdfSNI: no visible global function definition for ‘pnorm’
cdfSNI: no visible global function definition for ‘pt’
cdfSNI : cdf : f: no visible global function definition for ‘dnorm’
cdfSNI : cdf : f: no visible global function definition for ‘pnorm’
cdfSNI : cdf: no visible global function definition for ‘integrate’
cdfSNI: no visible global function definition for ‘integrate’
dNormalC: no visible global function definition for ‘dnorm’
dPearsonVII: no visible global function definition for ‘dt’
dSlash : f1: no visible global function definition for ‘dnorm’
dSlash: no visible global function definition for ‘integrate’
dt.ls: no visible global function definition for ‘dt’
dt.ls: no visible global function definition for ‘pt’
pdfSNI: no visible global function definition for ‘dnorm’
pdfSNI: no visible global function definition for ‘dt’
pdfSNI: no visible global function definition for ‘pnorm’
pdfSNI: no visible global function definition for ‘pt’
pdfSNI : f: no visible global function definition for ‘dnorm’
pdfSNI : f: no visible global function definition for ‘pnorm’
pdfSNI: no visible global function definition for ‘integrate’
rSMSN: no visible global function definition for ‘rnorm’
rSMSN: no visible global function definition for ‘rt’
rSMSN: no visible global function definition for ‘runif’
rSMSN: no visible global function definition for ‘rbeta’
rTGama: no visible global function definition for ‘runif’
rTN: no visible global function definition for ‘runif’
rTN: no visible global function definition for ‘pnorm’
rTN: no visible global function definition for ‘qnorm’
rU: no visible global function definition for ‘runif’
Undefined global functions or variables:
coefficients cov deriv dnorm dt integrate lm pnorm pt qnorm rbeta
rbinom rlnorm rnorm rt runif sd setTxtProgressBar txtProgressBar var
Consider adding
importFrom("stats", "coefficients", "cov", "deriv", "dnorm", "dt",
"integrate", "lm", "pnorm", "pt", "qnorm", "rbeta",
"rbinom", "rlnorm", "rnorm", "rt", "runif", "sd", "var")
importFrom("utils", "setTxtProgressBar", "txtProgressBar")
to your NAMESPACE file.
Flavors: r-devel-linux-x86_64-debian-clang, r-devel-linux-x86_64-debian-gcc, r-devel-windows-ix86+x86_64, r-patched-linux-x86_64, r-patched-solaris-sparc, r-patched-solaris-x86, r-release-linux-x86_64, r-release-osx-x86_64-mavericks, r-release-windows-ix86+x86_64
Version: 2.0
Flags: --no-stop-on-test-error
Check: R code for possible problems
Result: NOTE
AcumNormalC: no visible global function definition for ‘pnorm’
AcumSlash : f1: no visible global function definition for ‘pnorm’
AcumSlash: no visible global function definition for ‘integrate’
BayCens: no visible global function definition for ‘txtProgressBar’
BayCens: no visible global function definition for ‘setTxtProgressBar’
Bayes.CR: no visible binding for global variable ‘sd’
Bayes.CR: no visible global function definition for ‘sd’
Gibbs: no visible global function definition for ‘lm’
Gibbs: no visible global function definition for ‘coefficients’
Gibbs: no visible global function definition for ‘rnorm’
Gibbs: no visible global function definition for ‘runif’
GibbsTruncSMN: no visible global function definition for ‘lm’
GibbsTruncSMN: no visible global function definition for ‘coefficients’
GibbsTruncSMN: no visible global function definition for ‘runif’
GibbsTruncSMN: no visible global function definition for ‘rbeta’
GibbsTruncSMN: no visible global function definition for ‘rbinom’
LogVerosCens: no visible global function definition for ‘dnorm’
LogVerosCens: no visible global function definition for ‘pnorm’
LogVerosCens: no visible global function definition for ‘dt’
LogVerosCens: no visible global function definition for ‘pt’
MHnu: no visible global function definition for ‘deriv’
MHnu: no visible global function definition for ‘runif’
MHnuST: no visible global function definition for ‘deriv’
MHnuST: no visible global function definition for ‘runif’
MHrhoCN: no visible global function definition for ‘rlnorm’
MHrhoCN: no visible global function definition for ‘runif’
PearsonVII: no visible global function definition for ‘pt’
Rhat: no visible binding for global variable ‘var’
Rhat: no visible global function definition for ‘cov’
Rhat: no visible global function definition for ‘var’
cdfSNI: no visible global function definition for ‘pnorm’
cdfSNI: no visible global function definition for ‘pt’
cdfSNI : cdf : f: no visible global function definition for ‘dnorm’
cdfSNI : cdf : f: no visible global function definition for ‘pnorm’
cdfSNI : cdf: no visible global function definition for ‘integrate’
cdfSNI: no visible global function definition for ‘integrate’
dNormalC: no visible global function definition for ‘dnorm’
dPearsonVII: no visible global function definition for ‘dt’
dSlash : f1: no visible global function definition for ‘dnorm’
dSlash: no visible global function definition for ‘integrate’
dt.ls: no visible global function definition for ‘dt’
dt.ls: no visible global function definition for ‘pt’
pdfSNI: no visible global function definition for ‘dnorm’
pdfSNI: no visible global function definition for ‘dt’
pdfSNI: no visible global function definition for ‘pnorm’
pdfSNI: no visible global function definition for ‘pt’
pdfSNI : f: no visible global function definition for ‘dnorm’
pdfSNI : f: no visible global function definition for ‘pnorm’
pdfSNI: no visible global function definition for ‘integrate’
rSMSN: no visible global function definition for ‘rnorm’
rSMSN: no visible global function definition for ‘rt’
rSMSN: no visible global function definition for ‘runif’
rSMSN: no visible global function definition for ‘rbeta’
rTGama: no visible global function definition for ‘runif’
rTN: no visible global function definition for ‘runif’
rTN: no visible global function definition for ‘pnorm’
rTN: no visible global function definition for ‘qnorm’
rU: no visible global function definition for ‘runif’
Undefined global functions or variables:
coefficients cov deriv dnorm dt integrate lm pnorm pt qnorm rbeta
rbinom rlnorm rnorm rt runif sd setTxtProgressBar txtProgressBar var
Consider adding
importFrom("stats", "coefficients", "cov", "deriv", "dnorm", "dt",
"integrate", "lm", "pnorm", "pt", "qnorm", "rbeta",
"rbinom", "rlnorm", "rnorm", "rt", "runif", "sd", "var")
importFrom("utils", "setTxtProgressBar", "txtProgressBar")
to your NAMESPACE file.
Flavors: r-devel-linux-x86_64-fedora-clang, r-devel-linux-x86_64-fedora-gcc, r-devel-macos-x86_64-clang