Last updated on 2016-12-28 23:47:01.
Flavor | Version | Tinstall | Tcheck | Ttotal | Status | Flags |
---|---|---|---|---|---|---|
r-devel-linux-x86_64-debian-clang | 0.9.12-2 | 99.11 | 153.04 | 252.14 | OK | |
r-devel-linux-x86_64-debian-gcc | 0.9.12-2 | 99.07 | 149.09 | 248.15 | OK | |
r-devel-linux-x86_64-fedora-clang | 0.9.12-2 | 560.50 | NOTE | --no-stop-on-test-error | ||
r-devel-linux-x86_64-fedora-gcc | 0.9.12-2 | 539.02 | NOTE | --no-stop-on-test-error | ||
r-devel-macos-x86_64-clang | 0.9.12-2 | 346.71 | OK | --no-stop-on-test-error | ||
r-devel-windows-ix86+x86_64 | 0.9.12-2 | 372.00 | 280.00 | 652.00 | NOTE | |
r-patched-linux-x86_64 | 0.9.12-2 | 80.20 | 140.39 | 220.59 | OK | |
r-patched-solaris-sparc | 0.9.12-2 | 3166.70 | OK | |||
r-patched-solaris-x86 | 0.9.12-2 | 499.60 | OK | |||
r-release-linux-x86_64 | 0.9.12-2 | 80.20 | 140.49 | 220.70 | OK | |
r-release-osx-x86_64-mavericks | 0.9.12-2 | NOTE | ||||
r-release-windows-ix86+x86_64 | 0.9.12-2 | 369.00 | 312.00 | 681.00 | NOTE | |
r-oldrel-windows-ix86+x86_64 | 0.9.12-2 | 240.00 | 259.00 | 499.00 | NOTE |
Version: 0.9.12-2
Flags: --no-stop-on-test-error
Check: installed package size
Result: NOTE
installed size is 13.5Mb
sub-directories of 1Mb or more:
doc 1.7Mb
libs 11.2Mb
Flavors: r-devel-linux-x86_64-fedora-clang, r-devel-linux-x86_64-fedora-gcc
Version: 0.9.12-2
Check: package dependencies
Result: NOTE
Package suggested but not available for checking: 'doMC'
Flavors: r-devel-windows-ix86+x86_64, r-release-windows-ix86+x86_64, r-oldrel-windows-ix86+x86_64
Version: 0.9.12-2
Check: installed package size
Result: NOTE
installed size is 12.5Mb
sub-directories of 1Mb or more:
doc 1.7Mb
libs 10.2Mb
Flavor: r-release-osx-x86_64-mavericks