Last updated on 2016-12-28 23:47:06.
Flavor | Version | Tinstall | Tcheck | Ttotal | Status | Flags |
---|---|---|---|---|---|---|
r-devel-linux-x86_64-debian-clang | 1.4.4 | 4.46 | 38.88 | 43.35 | NOTE | |
r-devel-linux-x86_64-debian-gcc | 1.4.4 | 4.47 | 38.81 | 43.28 | NOTE | |
r-devel-linux-x86_64-fedora-clang | 1.4.4 | 117.67 | NOTE | --no-stop-on-test-error | ||
r-devel-linux-x86_64-fedora-gcc | 1.4.4 | 106.97 | NOTE | --no-stop-on-test-error | ||
r-devel-macos-x86_64-clang | 1.4.4 | 68.77 | NOTE | --no-stop-on-test-error | ||
r-devel-windows-ix86+x86_64 | 1.4.4 | 17.00 | 96.00 | 113.00 | NOTE | |
r-patched-linux-x86_64 | 1.4.4 | 4.22 | 35.89 | 40.11 | NOTE | |
r-patched-solaris-sparc | 1.4.4 | 509.00 | NOTE | |||
r-patched-solaris-x86 | 1.4.4 | 116.40 | NOTE | |||
r-release-linux-x86_64 | 1.4.4 | 3.97 | 35.98 | 39.95 | NOTE | |
r-release-osx-x86_64-mavericks | 1.4.4 | NOTE | ||||
r-release-windows-ix86+x86_64 | 1.4.4 | 21.00 | 81.00 | 102.00 | NOTE | |
r-oldrel-windows-ix86+x86_64 | 1.4.4 | 16.00 | 82.00 | 98.00 | NOTE |
Version: 1.4.4
Check: DESCRIPTION meta-information
Result: NOTE
Malformed Description field: should contain one or more complete sentences.
Flavors: r-devel-linux-x86_64-debian-clang, r-devel-linux-x86_64-debian-gcc, r-devel-windows-ix86+x86_64, r-patched-linux-x86_64, r-patched-solaris-sparc, r-patched-solaris-x86, r-release-linux-x86_64, r-release-osx-x86_64-mavericks, r-release-windows-ix86+x86_64, r-oldrel-windows-ix86+x86_64
Version: 1.4.4
Check: dependencies in R code
Result: NOTE
Packages in Depends field not imported from:
‘rms’ ‘survival’
These packages need to be imported from (in the NAMESPACE file)
for when this namespace is loaded but not attached.
Flavors: r-devel-linux-x86_64-debian-clang, r-devel-linux-x86_64-debian-gcc, r-devel-windows-ix86+x86_64, r-patched-linux-x86_64, r-patched-solaris-sparc, r-patched-solaris-x86, r-release-linux-x86_64, r-release-osx-x86_64-mavericks, r-release-windows-ix86+x86_64, r-oldrel-windows-ix86+x86_64
Version: 1.4.4
Check: R code for possible problems
Result: NOTE
phcpe: no visible global function definition for ‘model.matrix’
phcpe: no visible global function definition for ‘sd’
phcpe2: no visible global function definition for ‘sd’
Undefined global functions or variables:
model.matrix sd
Consider adding
importFrom("stats", "model.matrix", "sd")
to your NAMESPACE file.
Flavors: r-devel-linux-x86_64-debian-clang, r-devel-linux-x86_64-debian-gcc, r-devel-windows-ix86+x86_64, r-patched-linux-x86_64, r-patched-solaris-sparc, r-patched-solaris-x86, r-release-linux-x86_64, r-release-osx-x86_64-mavericks, r-release-windows-ix86+x86_64
Version: 1.4.4
Flags: --no-stop-on-test-error
Check: DESCRIPTION meta-information
Result: NOTE
Malformed Description field: should contain one or more complete sentences.
Flavors: r-devel-linux-x86_64-fedora-clang, r-devel-linux-x86_64-fedora-gcc, r-devel-macos-x86_64-clang
Version: 1.4.4
Flags: --no-stop-on-test-error
Check: dependencies in R code
Result: NOTE
Packages in Depends field not imported from:
‘rms’ ‘survival’
These packages need to be imported from (in the NAMESPACE file)
for when this namespace is loaded but not attached.
Flavors: r-devel-linux-x86_64-fedora-clang, r-devel-linux-x86_64-fedora-gcc, r-devel-macos-x86_64-clang
Version: 1.4.4
Flags: --no-stop-on-test-error
Check: R code for possible problems
Result: NOTE
phcpe: no visible global function definition for ‘model.matrix’
phcpe: no visible global function definition for ‘sd’
phcpe2: no visible global function definition for ‘sd’
Undefined global functions or variables:
model.matrix sd
Consider adding
importFrom("stats", "model.matrix", "sd")
to your NAMESPACE file.
Flavors: r-devel-linux-x86_64-fedora-clang, r-devel-linux-x86_64-fedora-gcc, r-devel-macos-x86_64-clang