CRAN Package Check Results for Package ClusterR

Last updated on 2016-12-28 23:47:04.

Flavor Version Tinstall Tcheck Ttotal Status Flags
r-devel-linux-x86_64-debian-clang 1.0.3 41.45 139.40 180.85 OK
r-devel-linux-x86_64-debian-gcc 1.0.3 42.29 117.36 159.65 OK
r-devel-linux-x86_64-fedora-clang 1.0.3 412.32 NOTE --no-stop-on-test-error
r-devel-linux-x86_64-fedora-gcc 1.0.3 362.41 NOTE --no-stop-on-test-error
r-devel-macos-x86_64-clang 1.0.3 281.86 OK --no-stop-on-test-error
r-devel-windows-ix86+x86_64 1.0.3 121.00 248.00 369.00 OK
r-patched-linux-x86_64 1.0.3 36.91 112.68 149.59 OK
r-patched-solaris-sparc 1.0.3 986.10 ERROR
r-patched-solaris-x86 1.0.3 553.00 WARN
r-release-linux-x86_64 1.0.3 37.86 110.63 148.49 OK
r-release-osx-x86_64-mavericks 1.0.3 NOTE
r-release-windows-ix86+x86_64 1.0.3 147.00 290.00 437.00 OK
r-oldrel-windows-ix86+x86_64 1.0.3 1.00 2.00 3.00 ERROR

Memtest notes: clang-UBSAN

Check Details

Version: 1.0.3
Flags: --no-stop-on-test-error
Check: installed package size
Result: NOTE
     installed size is 5.7Mb
     sub-directories of 1Mb or more:
     libs 4.7Mb
Flavors: r-devel-linux-x86_64-fedora-clang, r-devel-linux-x86_64-fedora-gcc

Version: 1.0.3
Check: tests
Result: ERROR
     Running ‘testthat.R’ [31s/38s]
    Running the tests in ‘tests/testthat.R’ failed.
    Last 13 lines of output:
     Type 'q()' to quit R.
    
     > library(testthat)
     > library(ClusterR)
     Loading required package: gtools
     >
     > test_check("ClusterR")
     Warning: stack imbalance in 'lazyLoadDBfetch', 233 then 239
    
     *** caught segfault ***
     address 0, cause 'memory not mapped'
    
     *** caught
Flavor: r-patched-solaris-sparc

Version: 1.0.3
Check: re-building of vignette outputs
Result: WARN
    Error in re-building vignettes:
     ...
    Warning in engine$weave(file, quiet = quiet, encoding = enc) :
     Pandoc (>= 1.12.3) and/or pandoc-citeproc not available. Falling back to R Markdown v1.
    terminate called after throwing an instance of 'std::logic_error'
     what(): Mat::elem(): index out of bounds
Flavor: r-patched-solaris-sparc

Version: 1.0.3
Check: re-building of vignette outputs
Result: WARN
    Error in re-building vignettes:
     ...
    Warning in engine$weave(file, quiet = quiet, encoding = enc) :
     Pandoc (>= 1.12.3) and/or pandoc-citeproc not available. Falling back to R Markdown v1.
    Quitting from lines 471-483 (the_clusterR_package.Rmd)
    Error: processing vignette 'the_clusterR_package.Rmd' failed with diagnostics:
    std::bad_alloc
    Execution halted
Flavor: r-patched-solaris-x86

Version: 1.0.3
Check: installed package size
Result: NOTE
     installed size is 6.1Mb
     sub-directories of 1Mb or more:
     libs 5.1Mb
Flavor: r-release-osx-x86_64-mavericks

Version: 1.0.3
Check: package dependencies
Result: ERROR
    Package required but not available: 'OpenImageR'
    
    See section 'The DESCRIPTION file' in the 'Writing R Extensions'
    manual.
Flavor: r-oldrel-windows-ix86+x86_64