Last updated on 2016-12-28 23:47:05.
Flavor | Version | Tinstall | Tcheck | Ttotal | Status | Flags |
---|---|---|---|---|---|---|
r-devel-linux-x86_64-debian-clang | 0.7-1 | 1.05 | 17.63 | 18.67 | NOTE | |
r-devel-linux-x86_64-debian-gcc | 0.7-1 | 1.02 | 17.81 | 18.82 | NOTE | |
r-devel-linux-x86_64-fedora-clang | 0.7-1 | 38.13 | NOTE | --no-stop-on-test-error | ||
r-devel-linux-x86_64-fedora-gcc | 0.7-1 | 32.81 | NOTE | --no-stop-on-test-error | ||
r-devel-macos-x86_64-clang | 0.7-1 | 25.97 | NOTE | --no-stop-on-test-error | ||
r-devel-windows-ix86+x86_64 | 0.7-1 | 7.00 | 54.00 | 61.00 | NOTE | |
r-patched-linux-x86_64 | 0.7-1 | 0.94 | 14.81 | 15.75 | NOTE | |
r-patched-solaris-sparc | 0.7-1 | 157.20 | NOTE | |||
r-patched-solaris-x86 | 0.7-1 | 35.60 | NOTE | |||
r-release-linux-x86_64 | 0.7-1 | 0.89 | 14.67 | 15.56 | NOTE | |
r-release-osx-x86_64-mavericks | 0.7-1 | NOTE | ||||
r-release-windows-ix86+x86_64 | 0.7-1 | 5.00 | 33.00 | 38.00 | NOTE | |
r-oldrel-windows-ix86+x86_64 | 0.7-1 | 3.00 | 48.00 | 51.00 | NOTE |
Version: 0.7-1
Check: DESCRIPTION meta-information
Result: NOTE
Malformed Title field: should not end in a period.
Flavors: r-devel-linux-x86_64-debian-clang, r-devel-linux-x86_64-debian-gcc, r-devel-windows-ix86+x86_64, r-patched-linux-x86_64, r-patched-solaris-sparc, r-patched-solaris-x86, r-release-linux-x86_64, r-release-osx-x86_64-mavericks, r-release-windows-ix86+x86_64, r-oldrel-windows-ix86+x86_64
Version: 0.7-1
Check: R code for possible problems
Result: NOTE
p.Johansen: no visible global function definition for ‘pgamma’
plotComT: no visible global function definition for ‘axis’
plotComT: no visible global function definition for ‘title’
plotComT: no visible global function definition for ‘lines’
plotComT: no visible global function definition for ‘box’
q.Johansen: no visible global function definition for ‘qgamma’
Undefined global functions or variables:
axis box lines pgamma qgamma title
Consider adding
importFrom("graphics", "axis", "box", "lines", "title")
importFrom("stats", "pgamma", "qgamma")
to your NAMESPACE file.
Flavors: r-devel-linux-x86_64-debian-clang, r-devel-linux-x86_64-debian-gcc, r-devel-windows-ix86+x86_64, r-patched-linux-x86_64, r-patched-solaris-sparc, r-patched-solaris-x86, r-release-linux-x86_64, r-release-osx-x86_64-mavericks, r-release-windows-ix86+x86_64
Version: 0.7-1
Flags: --no-stop-on-test-error
Check: DESCRIPTION meta-information
Result: NOTE
Malformed Title field: should not end in a period.
Flavors: r-devel-linux-x86_64-fedora-clang, r-devel-linux-x86_64-fedora-gcc, r-devel-macos-x86_64-clang
Version: 0.7-1
Flags: --no-stop-on-test-error
Check: R code for possible problems
Result: NOTE
p.Johansen: no visible global function definition for ‘pgamma’
plotComT: no visible global function definition for ‘axis’
plotComT: no visible global function definition for ‘title’
plotComT: no visible global function definition for ‘lines’
plotComT: no visible global function definition for ‘box’
q.Johansen: no visible global function definition for ‘qgamma’
Undefined global functions or variables:
axis box lines pgamma qgamma title
Consider adding
importFrom("graphics", "axis", "box", "lines", "title")
importFrom("stats", "pgamma", "qgamma")
to your NAMESPACE file.
Flavors: r-devel-linux-x86_64-fedora-clang, r-devel-linux-x86_64-fedora-gcc, r-devel-macos-x86_64-clang