CRAN Package Check Results for Package DT

Last updated on 2016-12-28 23:47:08.

Flavor Version Tinstall Tcheck Ttotal Status Flags
r-devel-linux-x86_64-debian-clang 0.2 1.34 21.90 23.24 OK
r-devel-linux-x86_64-debian-gcc 0.2 1.49 22.02 23.51 OK
r-devel-linux-x86_64-fedora-clang 0.2 37.63 OK --no-stop-on-test-error
r-devel-linux-x86_64-fedora-gcc 0.2 35.36 OK --no-stop-on-test-error
r-devel-macos-x86_64-clang 0.2 32.23 OK --no-stop-on-test-error
r-devel-windows-ix86+x86_64 0.2 11.00 48.00 59.00 OK
r-patched-linux-x86_64 0.2 1.28 18.87 20.15 OK
r-patched-solaris-sparc 0.2 199.50 WARN
r-patched-solaris-x86 0.2 42.80 WARN
r-release-linux-x86_64 0.2 1.30 18.65 19.95 OK
r-release-osx-x86_64-mavericks 0.2 WARN
r-release-windows-ix86+x86_64 0.2 14.00 50.00 64.00 OK
r-oldrel-windows-ix86+x86_64 0.2 7.00 35.00 42.00 OK

Check Details

Version: 0.2
Check: re-building of vignette outputs
Result: WARN
    Error in re-building vignettes:
     ...
    Warning in engine$weave(file, quiet = quiet, encoding = enc) :
     Pandoc (>= 1.12.3) and/or pandoc-citeproc not available. Falling back to R Markdown v1.
    Quitting from lines 23-25 (DT.Rmd)
    Error: processing vignette 'DT.Rmd' failed with diagnostics:
    cannot open the connection
    Execution halted
Flavors: r-patched-solaris-sparc, r-patched-solaris-x86

Version: 0.2
Check: re-building of vignette outputs
Result: WARN
    Error in re-building vignettes:
     ...
    Warning in (if (grepl("\\.[Rr]md$", file)) knit2html else if (grepl("\\.[Rr]rst$", :
     It seems you should call rmarkdown::render() instead of knitr::knit2html() because DT.Rmd appears to be an R Markdown v2 document.
    Quitting from lines 23-25 (DT.Rmd)
    Error: processing vignette 'DT.Rmd' failed with diagnostics:
    cannot open the connection
    Execution halted
Flavor: r-release-osx-x86_64-mavericks