CRAN Package Check Results for Package DepthProc

Last updated on 2016-12-28 23:47:07.

Flavor Version Tinstall Tcheck Ttotal Status Flags
r-devel-linux-x86_64-debian-clang 1.0.7 65.98 41.14 107.12 OK
r-devel-linux-x86_64-debian-gcc 1.0.7 69.36 41.23 110.59 OK
r-devel-linux-x86_64-fedora-clang 1.0.7 234.25 OK --no-stop-on-test-error
r-devel-linux-x86_64-fedora-gcc 1.0.7 216.59 NOTE --no-stop-on-test-error
r-devel-macos-x86_64-clang 1.0.7 144.61 OK --no-stop-on-test-error
r-devel-windows-ix86+x86_64 1.0.7 292.00 110.00 402.00 OK
r-patched-linux-x86_64 1.0.7 54.74 36.41 91.14 OK
r-patched-solaris-sparc 1.0.7 1042.10 OK
r-patched-solaris-x86 1.0.7 193.80 OK
r-release-linux-x86_64 1.0.7 55.02 35.58 90.60 OK
r-release-osx-x86_64-mavericks 1.0.7 NOTE
r-release-windows-ix86+x86_64 1.0.7 273.00 116.00 389.00 OK
r-oldrel-windows-ix86+x86_64 1.0.7 169.00 105.00 274.00 OK

Check Details

Version: 1.0.7
Flags: --no-stop-on-test-error
Check: installed package size
Result: NOTE
     installed size is 5.8Mb
     sub-directories of 1Mb or more:
     libs 4.5Mb
Flavor: r-devel-linux-x86_64-fedora-gcc

Version: 1.0.7
Check: dependencies in R code
Result: NOTE
    Invalid MIT-MAGIC-COOKIE-1 key
Flavor: r-release-osx-x86_64-mavericks