CRAN Package Check Results for Package DiversityOccupancy

Last updated on 2016-12-28 23:47:08.

Flavor Version Tinstall Tcheck Ttotal Status Flags
r-devel-linux-x86_64-debian-clang 1.0.5 6.90 75.42 82.32 OK
r-devel-linux-x86_64-debian-gcc 1.0.5 6.93 75.59 82.52 OK
r-devel-linux-x86_64-fedora-clang 1.0.5 213.79 OK --no-stop-on-test-error
r-devel-linux-x86_64-fedora-gcc 1.0.5 179.53 OK --no-stop-on-test-error
r-devel-macos-x86_64-clang 1.0.5 134.94 OK --no-stop-on-test-error
r-devel-windows-ix86+x86_64 1.0.5 21.00 134.00 155.00 OK
r-patched-linux-x86_64 1.0.5 6.58 71.45 78.02 OK
r-patched-solaris-sparc 1.0.5 983.80 OK
r-patched-solaris-x86 1.0.5 214.00 OK
r-release-linux-x86_64 1.0.5 7.06 71.27 78.33 OK
r-release-osx-x86_64-mavericks 1.0.5 WARN
r-release-windows-ix86+x86_64 1.0.5 27.00 160.00 187.00 OK
r-oldrel-windows-ix86+x86_64 1.0.5 20.00 117.00 137.00 OK

Check Details

Version: 1.0.5
Check: whether package can be installed
Result: WARN
    Found the following significant warnings:
     Warning: 'rgl_init' failed, running with rgl.useNULL = TRUE
Flavor: r-release-osx-x86_64-mavericks

Version: 1.0.5
Check: dependencies in R code
Result: NOTE
    Invalid MIT-MAGIC-COOKIE-1 key
Flavor: r-release-osx-x86_64-mavericks

Version: 1.0.5
Check: S3 generic/method consistency
Result: WARN
    Invalid MIT-MAGIC-COOKIE-1 key
    See section ‘Generic functions and methods’ in the ‘Writing R
    Extensions’ manual.
Flavor: r-release-osx-x86_64-mavericks

Version: 1.0.5
Check: replacement functions
Result: WARN
    Invalid MIT-MAGIC-COOKIE-1 key
    The argument of a replacement function which corresponds to the right
    hand side must be named ‘value’.
Flavor: r-release-osx-x86_64-mavericks

Version: 1.0.5
Check: foreign function calls
Result: NOTE
    Invalid MIT-MAGIC-COOKIE-1 key
    See chapter ‘System and foreign language interfaces’ in the ‘Writing R
    Extensions’ manual.
Flavor: r-release-osx-x86_64-mavericks

Version: 1.0.5
Check: R code for possible problems
Result: NOTE
    Invalid MIT-MAGIC-COOKIE-1 key
Flavor: r-release-osx-x86_64-mavericks

Version: 1.0.5
Check: for missing documentation entries
Result: WARN
    Invalid MIT-MAGIC-COOKIE-1 key
    All user-level objects in a package should have documentation entries.
    See chapter ‘Writing R documentation files’ in the ‘Writing R
    Extensions’ manual.
Flavor: r-release-osx-x86_64-mavericks

Version: 1.0.5
Check: for code/documentation mismatches
Result: WARN
    Invalid MIT-MAGIC-COOKIE-1 key
    Invalid MIT-MAGIC-COOKIE-1 key
    Invalid MIT-MAGIC-COOKIE-1 key
Flavor: r-release-osx-x86_64-mavericks

Version: 1.0.5
Check: Rd \usage sections
Result: NOTE
    Invalid MIT-MAGIC-COOKIE-1 key
    The \usage entries for S3 methods should use the \method markup and not
    their full name.
    See chapter ‘Writing R documentation files’ in the ‘Writing R
    Extensions’ manual.
Flavor: r-release-osx-x86_64-mavericks