Last updated on 2016-12-28 23:47:09.
Flavor | Version | Tinstall | Tcheck | Ttotal | Status | Flags |
---|---|---|---|---|---|---|
r-devel-linux-x86_64-debian-clang | 2015.6.26 | 24.18 | 24.72 | 48.90 | OK | |
r-devel-linux-x86_64-debian-gcc | 2015.6.26 | 25.20 | 24.78 | 49.98 | OK | |
r-devel-linux-x86_64-fedora-clang | 2015.6.26 | 102.18 | NOTE | --no-stop-on-test-error | ||
r-devel-linux-x86_64-fedora-gcc | 2015.6.26 | 87.40 | NOTE | --no-stop-on-test-error | ||
r-devel-macos-x86_64-clang | 2015.6.26 | 72.00 | NOTE | --no-stop-on-test-error | ||
r-devel-windows-ix86+x86_64 | 2015.6.26 | 48.00 | 50.00 | 98.00 | NOTE | |
r-patched-linux-x86_64 | 2015.6.26 | 24.58 | 21.78 | 46.36 | OK | |
r-patched-solaris-sparc | 2015.6.26 | 588.30 | NOTE | |||
r-patched-solaris-x86 | 2015.6.26 | 147.90 | NOTE | |||
r-release-linux-x86_64 | 2015.6.26 | 24.26 | 22.58 | 46.84 | OK | |
r-release-osx-x86_64-mavericks | 2015.6.26 | NOTE | ||||
r-release-windows-ix86+x86_64 | 2015.6.26 | 49.00 | 44.00 | 93.00 | NOTE | |
r-oldrel-windows-ix86+x86_64 | 2015.6.26 | 42.00 | 67.00 | 109.00 | NOTE |
Version: 2015.6.26
Flags: --no-stop-on-test-error
Check: installed package size
Result: NOTE
installed size is 11.7Mb
sub-directories of 1Mb or more:
data 11.5Mb
Flavors: r-devel-linux-x86_64-fedora-clang, r-devel-linux-x86_64-fedora-gcc, r-devel-macos-x86_64-clang
Version: 2015.6.26
Check: installed package size
Result: NOTE
installed size is 11.6Mb
sub-directories of 1Mb or more:
data 11.5Mb
Flavors: r-devel-windows-ix86+x86_64, r-patched-solaris-sparc, r-patched-solaris-x86, r-release-osx-x86_64-mavericks, r-release-windows-ix86+x86_64, r-oldrel-windows-ix86+x86_64