CRAN Package Check Results for Package FDRreg

Last updated on 2016-12-28 23:47:11.

Flavor Version Tinstall Tcheck Ttotal Status Flags
r-devel-linux-x86_64-debian-clang 0.1 15.83 38.67 54.49 NOTE
r-devel-linux-x86_64-debian-gcc 0.1 17.13 38.94 56.08 NOTE
r-devel-linux-x86_64-fedora-clang 0.1 136.68 NOTE --no-stop-on-test-error
r-devel-linux-x86_64-fedora-gcc 0.1 121.78 NOTE --no-stop-on-test-error
r-devel-macos-x86_64-clang 0.1 86.52 NOTE --no-stop-on-test-error
r-devel-windows-ix86+x86_64 0.1 53.00 95.00 148.00 NOTE
r-patched-linux-x86_64 0.1 13.81 36.63 50.43 NOTE
r-patched-solaris-sparc 0.1 637.80 NOTE
r-patched-solaris-x86 0.1 141.20 NOTE
r-release-linux-x86_64 0.1 13.69 36.22 49.92 NOTE
r-release-osx-x86_64-mavericks 0.1 NOTE
r-release-windows-ix86+x86_64 0.1 67.00 85.00 152.00 NOTE
r-oldrel-windows-ix86+x86_64 0.1 46.00 95.00 141.00 OK

Check Details

Version: 0.1
Check: R code for possible problems
Result: NOTE
    FDRreg: no visible global function definition for ‘dnorm’
    colnormalize: no visible global function definition for ‘sd’
    efron: no visible global function definition for ‘median’
    efron: no visible global function definition for ‘hist’
    efron: no visible global function definition for ‘glm’
    efron: no visible binding for global variable ‘poisson’
    efron: no visible global function definition for ‘qchisq’
    efron: no visible global function definition for ‘predict’
    efron: no visible global function definition for ‘quantile’
    efron: no visible global function definition for ‘lm’
    efron: no visible global function definition for ‘coef’
    make.bspline.matrix: no visible global function definition for
     ‘quantile’
    plotFDR: no visible global function definition for ‘hist’
    plotFDR: no visible global function definition for ‘par’
    plotFDR: no visible global function definition for ‘plot’
    plotFDR: no visible global function definition for ‘axis’
    plotFDR: no visible global function definition for ‘lines’
    plotFDR: no visible global function definition for ‘legend’
    plotFDR: no visible global function definition for ‘rug’
    plotFDR: no visible global function definition for ‘title’
    Undefined global functions or variables:
     axis coef dnorm glm hist legend lines lm median par plot poisson
     predict qchisq quantile rug sd title
    Consider adding
     importFrom("graphics", "axis", "hist", "legend", "lines", "par",
     "plot", "rug", "title")
     importFrom("stats", "coef", "dnorm", "glm", "lm", "median", "poisson",
     "predict", "qchisq", "quantile", "sd")
    to your NAMESPACE file.
Flavors: r-devel-linux-x86_64-debian-clang, r-devel-linux-x86_64-debian-gcc, r-devel-windows-ix86+x86_64, r-patched-linux-x86_64, r-patched-solaris-sparc, r-patched-solaris-x86, r-release-linux-x86_64, r-release-osx-x86_64-mavericks, r-release-windows-ix86+x86_64

Version: 0.1
Flags: --no-stop-on-test-error
Check: R code for possible problems
Result: NOTE
    FDRreg: no visible global function definition for ‘dnorm’
    colnormalize: no visible global function definition for ‘sd’
    efron: no visible global function definition for ‘median’
    efron: no visible global function definition for ‘hist’
    efron: no visible global function definition for ‘glm’
    efron: no visible binding for global variable ‘poisson’
    efron: no visible global function definition for ‘qchisq’
    efron: no visible global function definition for ‘predict’
    efron: no visible global function definition for ‘quantile’
    efron: no visible global function definition for ‘lm’
    efron: no visible global function definition for ‘coef’
    make.bspline.matrix: no visible global function definition for
     ‘quantile’
    plotFDR: no visible global function definition for ‘hist’
    plotFDR: no visible global function definition for ‘par’
    plotFDR: no visible global function definition for ‘plot’
    plotFDR: no visible global function definition for ‘axis’
    plotFDR: no visible global function definition for ‘lines’
    plotFDR: no visible global function definition for ‘legend’
    plotFDR: no visible global function definition for ‘rug’
    plotFDR: no visible global function definition for ‘title’
    Undefined global functions or variables:
     axis coef dnorm glm hist legend lines lm median par plot poisson
     predict qchisq quantile rug sd title
    Consider adding
     importFrom("graphics", "axis", "hist", "legend", "lines", "par",
     "plot", "rug", "title")
     importFrom("stats", "coef", "dnorm", "glm", "lm", "median", "poisson",
     "predict", "qchisq", "quantile", "sd")
    to your NAMESPACE file.
Flavors: r-devel-linux-x86_64-fedora-clang, r-devel-linux-x86_64-fedora-gcc, r-devel-macos-x86_64-clang