CRAN Package Check Results for Package FeatureHashing

Last updated on 2016-12-28 23:47:11.

Flavor Version Tinstall Tcheck Ttotal Status Flags
r-devel-linux-x86_64-debian-clang 0.9.1.1 39.72 63.10 102.82 OK
r-devel-linux-x86_64-debian-gcc 0.9.1.1 42.60 62.33 104.93 OK
r-devel-linux-x86_64-fedora-clang 0.9.1.1 257.77 OK --no-stop-on-test-error
r-devel-linux-x86_64-fedora-gcc 0.9.1.1 224.60 OK --no-stop-on-test-error
r-devel-macos-x86_64-clang 0.9.1.1 158.99 OK --no-stop-on-test-error
r-devel-windows-ix86+x86_64 0.9.1.1 180.00 170.00 350.00 OK
r-patched-linux-x86_64 0.9.1.1 34.96 54.72 89.68 OK
r-patched-solaris-sparc 0.9.1.1 1108.60 NOTE
r-patched-solaris-x86 0.9.1.1 245.70 WARN
r-release-linux-x86_64 0.9.1.1 34.72 54.91 89.63 OK
r-release-osx-x86_64-mavericks 0.9.1.1 OK
r-release-windows-ix86+x86_64 0.9.1.1 173.00 175.00 348.00 OK
r-oldrel-windows-ix86+x86_64 0.9.1.1 112.00 151.00 263.00 OK

Check Details

Version: 0.9.1.1
Check: package dependencies
Result: NOTE
    Package suggested but not available for checking: ‘xgboost’
Flavor: r-patched-solaris-sparc

Version: 0.9.1.1
Check: re-building of vignette outputs
Result: WARN
    Error in re-building vignettes:
     ...
    Warning in engine$weave(file, quiet = quiet, encoding = enc) :
     Pandoc (>= 1.12.3) and/or pandoc-citeproc not available. Falling back to R Markdown v1.
    
     *** caught segfault ***
    address 26a0d888, cause 'memory not mapped'
    
    Traceback:
     1: .Call("XGBoosterUpdateOneIter_R", booster, as.integer(iter), dtrain, PACKAGE = "xgboost")
     2: xgb.iter.update(bst$handle, dtrain, iteration - 1, obj)
     3: xgb.train(params, dtrain, nrounds, watchlist, verbose = verbose, print_every_n = print_every_n, early_stopping_rounds = early_stopping_rounds, maximize = maximize, save_period = save_period, save_name = save_name, xgb_model = xgb_model, callbacks = callbacks, ...)
     4: xgboost(m.train, ipinyou.train$IsClick, max.depth = 7, eta = 0.1, subsample = 0.7, colsample_bytree = 0.7, nround = 100, objective = "binary:logistic", verbose = ifelse(interactive(), 1, 0))
     5: eval(expr, envir, enclos)
     6: eval(expr, envir, enclos)
     7: withVisible(eval(expr, envir, enclos))
     8: withCallingHandlers(withVisible(eval(expr, envir, enclos)), warning = wHandler, error = eHandler, message = mHandler)
     9: handle(ev <- withCallingHandlers(withVisible(eval(expr, envir, enclos)), warning = wHandler, error = eHandler, message = mHandler))
    10: timing_fn(handle(ev <- withCallingHandlers(withVisible(eval(expr, envir, enclos)), warning = wHandler, error = eHandler, message = mHandler)))
    11: evaluate_call(expr, parsed$src[[i]], envir = envir, enclos = enclos, debug = debug, last = i == length(out), use_try = stop_on_error != 2L, keep_warning = keep_warning, keep_message = keep_message, output_handler = output_handler, include_timing = include_timing)
    12: evaluate(code, envir = env, new_device = FALSE, keep_warning = !isFALSE(options$warning), keep_message = !isFALSE(options$message), stop_on_error = if (options$error && options$include) 0L else 2L, output_handler = knit_handlers(options$render, options))
    13: in_dir(input_dir(), evaluate(code, envir = env, new_device = FALSE, keep_warning = !isFALSE(options$warning), keep_message = !isFALSE(options$message), stop_on_error = if (options$error && options$include) 0L else 2L, output_handler = knit_handlers(options$render, options)))
    14: block_exec(params)
    15: call_block(x)
    16: process_group.block(group)
    17: process_group(group)
    18: withCallingHandlers(if (tangle) process_tangle(group) else process_group(group), error = function(e) { setwd(wd) cat(res, sep = "\n", file = output %n% "") message("Quitting from lines ", paste(current_lines(i), collapse = "-"), " (", knit_concord$get("infile"), ") ") })
    19: process_file(text, output)
    20: knit(input, text = text, envir = envir, encoding = encoding, quiet = quiet)
    21: knit2html(..., force_v1 = TRUE)
    22: (if (grepl("\\.[Rr]md$", file)) knit2html_v1 else if (grepl("\\.[Rr]rst$", file)) knit2pdf else knit)(file, encoding = encoding, quiet = quiet, envir = globalenv())
    23: vweave(...)
    24: engine$weave(file, quiet = quiet, encoding = enc)
    25: doTryCatch(return(expr), name, parentenv, handler)
    26: tryCatchOne(expr, names, parentenv, handlers[[1L]])
    27: tryCatchList(expr, classes, parentenv, handlers)
    28: tryCatch({ engine$weave(file, quiet = quiet, encoding = enc) setwd(startdir) find_vignette_product(name, by = "weave", engine = engine)}, error = function(e) { stop(gettextf("processing vignette '%s' failed with diagnostics:\n%s", file, conditionMessage(e)), domain = NA, call. = FALSE)})
    29: buildVignettes(dir = "/home/ripley/R/packages/tests32/FeatureHashing.Rcheck/vign_test/FeatureHashing")
    An irrecoverable exception occurred. R is aborting now ...
    
     *** caught segfault ***
    address 26a0d888, cause 'memory not mapped'
    
    Traceback:
     1: .Call("XGBoosterUpdateOneIter_R", booster, as.integer(iter), dtrain, PACKAGE = "xgboost")
     2: xgb.iter.update(bst$handle, dtrain, iteration - 1, obj)
     3: xgb.train(params, dtrain, nrounds, watchlist, verbose = verbose, print_every_n = print_every_n, early_stopping_rounds = early_stopping_rounds, maximize = maximize, save_period = save_period, save_name = save_name, xgb_model = xgb_model, callbacks = callbacks, ...)
     4: xgboost(m.train, ipinyou.train$IsClick, max.depth = 7, eta = 0.1, subsample = 0.7, colsample_bytree = 0.7, nround = 100, objective = "binary:logistic", verbose = ifelse(interactive(), 1, 0))
     5: eval(expr, envir, enclos)
     6: eval(expr, envir, enclos)
     7: withVisible(eval(expr, envir, enclos))
     8: withCallingHandlers(withVisible(eval(expr, envir, enclos)), warning = wHandler, error = eHandler, message = mHandler)
     9: handle(ev <- withCallingHandlers(withVisible(eval(expr, envir, enclos)), warning = wHandler, error = eHandler, message = mHandler))
    10: timing_fn(handle(ev <- withCallingHandlers(withVisible(eval(expr, envir, enclos)), warning = wHandler, error = eHandler, message = mHandler)))
    11: evaluate_call(expr, parsed$src[[i]], envir = envir, enclos = enclos, debug = debug, last = i == length(out), use_try = stop_on_error != 2L, keep_warning = keep_warning, keep_message = keep_message, output_handler = output_handler, include_timing = include_timing)
    12: evaluate(code, envir = env, new_device = FALSE, keep_warning = !isFALSE(options$warning), keep_message = !isFALSE(options$message), stop_on_error = if (options$error && options$include) 0L else 2L, output_handler = knit_handlers(options$render, options))
    13: in_dir(input_dir(), evaluate(code, envir = env, new_device = FALSE, keep_warning = !isFALSE(options$warning), keep_message = !isFALSE(options$message), stop_on_error = if (options$error && options$include) 0L else 2L, output_handler = knit_handlers(options$render, options)))
    14: block_exec(params)
    15: call_block(x)
    16: process_group.block(group)
    17: process_group(group)
    18: withCallingHandlers(if (tangle) process_tangle(group) else process_group(group), error = function(e) { setwd(wd) cat(res, sep = "\n", file = output %n% "") message("Quitting from lines ", paste(current_lines(i), collapse = "-"), " (", knit_concord$get("infile"), ") ") })
    19: process_file(text, output)
    20: knit(input, text = text, envir = envir, encoding = encoding, quiet = quiet)
    21: knit2html(..., force_v1 = TRUE)
    22: (if (grepl("\\.[Rr]md$", file)) knit2html_v1 else if (grepl("\\.[Rr]rst$", file)) knit2pdf else knit)(file, encoding = encoding, quiet = quiet, envir = globalenv())
    23: vweave(...)
    24: engine$weave(file, quiet = quiet, encoding = enc)
    25: doTryCatch(return(expr), name, parentenv, handler)
    26: tryCatchOne(expr, names, parentenv, handlers[[1L]])
    27: tryCatchList(expr, classes, parentenv, handlers)
    28: tryCatch({ engine$weave(file, quiet = quiet, encoding = enc) setwd(startdir) find_vignette_product(name, by = "weave", engine = engine)}, error = function(e) { stop(gettextf("processing vignette '%s' failed with diagnostics:\n%s", file, conditionMessage(e)), domain = NA, call. = FALSE)})
    29: buildVignettes(dir = "/home/ripley/R/packages/tests32/FeatureHashing.Rcheck/vign_test/FeatureHashing")
    An irrecoverable exception occurred. R is aborting now ...
Flavor: r-patched-solaris-x86