CRAN Package Check Results for Package GMCM

Last updated on 2016-12-28 23:47:14.

Flavor Version Tinstall Tcheck Ttotal Status Flags
r-devel-linux-x86_64-debian-clang 1.2.3 13.97 79.48 93.45 WARN
r-devel-linux-x86_64-debian-gcc 1.2.3 15.84 77.07 92.90 WARN
r-devel-linux-x86_64-fedora-clang 1.2.3 180.63 WARN --no-stop-on-test-error
r-devel-linux-x86_64-fedora-gcc 1.2.3 164.32 WARN --no-stop-on-test-error
r-devel-macos-x86_64-clang 1.2.3 110.17 WARN --no-stop-on-test-error
r-devel-windows-ix86+x86_64 1.2.3 63.00 182.00 245.00 WARN
r-patched-linux-x86_64 1.2.3 12.57 68.06 80.63 WARN
r-patched-solaris-sparc 1.2.3 783.00 WARN
r-patched-solaris-x86 1.2.3 168.00 WARN
r-release-linux-x86_64 1.2.3 12.48 66.90 79.38 WARN
r-release-osx-x86_64-mavericks 1.2.3 OK
r-release-windows-ix86+x86_64 1.2.3 58.00 183.00 241.00 WARN
r-oldrel-windows-ix86+x86_64 1.2.3 42.00 160.00 202.00 NOTE

Check Details

Version: 1.2.3
Check: re-building of vignette outputs
Result: WARN
    Error in re-building vignettes:
     ...
    Loading required package: lattice
    Loading required package: survival
    Loading required package: Formula
    Loading required package: ggplot2
    
    Attaching package: 'Hmisc'
    
    The following objects are masked from 'package:base':
    
     format.pval, round.POSIXt, trunc.POSIXt, units
    
    trying URL ‘http://people.math.aau.dk/~abilgrau/GMCM/STS-27.jpg’
    Warning in download.file(url, destfile = fig7.file, method = "internal", :
     cannot open URL 'http://people.math.aau.dk/~abilgrau/GMCM/STS-27.jpg': HTTP status was '404 Not Found'
    Quitting from lines 122-122 (GMCM-JStatSoft.Rnw)
    Error: processing vignette ‘GMCM-JStatSoft.Rnw’ failed with diagnostics:
    cannot open URL ‘http://people.math.aau.dk/~abilgrau/GMCM/STS-27.jpg’
    Execution halted
Flavors: r-devel-linux-x86_64-debian-clang, r-devel-linux-x86_64-debian-gcc, r-devel-windows-ix86+x86_64, r-patched-linux-x86_64, r-patched-solaris-sparc, r-patched-solaris-x86, r-release-linux-x86_64, r-release-windows-ix86+x86_64

Version: 1.2.3
Flags: --no-stop-on-test-error
Check: re-building of vignette outputs
Result: WARN
    Error in re-building vignettes:
     ...
    Loading required package: lattice
    Loading required package: survival
    Loading required package: Formula
    Loading required package: ggplot2
    
    Attaching package: 'Hmisc'
    
    The following objects are masked from 'package:base':
    
     format.pval, round.POSIXt, trunc.POSIXt, units
    
    trying URL 'http://people.math.aau.dk/~abilgrau/GMCM/STS-27.jpg'
    Warning in download.file(url, destfile = fig7.file, method = "internal", :
     cannot open URL 'http://people.math.aau.dk/~abilgrau/GMCM/STS-27.jpg': HTTP status was '404 Not Found'
    Quitting from lines 122-122 (GMCM-JStatSoft.Rnw)
    Error: processing vignette 'GMCM-JStatSoft.Rnw' failed with diagnostics:
    cannot open URL 'http://people.math.aau.dk/~abilgrau/GMCM/STS-27.jpg'
    Execution halted
Flavors: r-devel-linux-x86_64-fedora-clang, r-devel-linux-x86_64-fedora-gcc, r-devel-macos-x86_64-clang

Version: 1.2.3
Check: re-building of vignette outputs
Result: NOTE
    Error in re-building vignettes:
     ...
    Loading required package: lattice
    Loading required package: survival
    Loading required package: Formula
    Loading required package: ggplot2
    
    Attaching package: 'Hmisc'
    
    The following objects are masked from 'package:base':
    
     format.pval, round.POSIXt, trunc.POSIXt, units
    
    trying URL 'http://people.math.aau.dk/~abilgrau/GMCM/STS-27.jpg'
    Warning in download.file(url, destfile = fig7.file, method = "internal", :
     cannot open URL 'http://people.math.aau.dk/~abilgrau/GMCM/STS-27.jpg': HTTP status was '404 Not Found'
    Quitting from lines 122-122 (GMCM-JStatSoft.Rnw)
    Error: processing vignette 'GMCM-JStatSoft.Rnw' failed with diagnostics:
    cannot open URL 'http://people.math.aau.dk/~abilgrau/GMCM/STS-27.jpg'
    Execution halted
Flavor: r-oldrel-windows-ix86+x86_64