CRAN Package Check Results for Package GerminaR

Last updated on 2016-12-28 23:47:13.

Flavor Version Tinstall Tcheck Ttotal Status Flags
r-devel-linux-x86_64-debian-clang 1.0 1.84 26.70 28.54 OK
r-devel-linux-x86_64-debian-gcc 1.0 1.78 26.63 28.41 OK
r-devel-linux-x86_64-fedora-clang 1.0 59.39 NOTE --no-stop-on-test-error
r-devel-linux-x86_64-fedora-gcc 1.0 50.17 NOTE --no-stop-on-test-error
r-devel-macos-x86_64-clang 1.0 42.01 NOTE --no-stop-on-test-error
r-devel-windows-ix86+x86_64 1.0 10.00 57.00 67.00 OK
r-patched-linux-x86_64 1.0 1.67 23.02 24.69 OK
r-patched-solaris-x86 1.0 61.30 NOTE
r-release-linux-x86_64 1.0 1.78 23.40 25.18 OK
r-release-osx-x86_64-mavericks 1.0 NOTE
r-release-windows-ix86+x86_64 1.0 9.00 62.00 71.00 OK
r-oldrel-windows-ix86+x86_64 1.0 7.00 47.00 54.00 NOTE

Check Details

Version: 1.0
Flags: --no-stop-on-test-error
Check: dependencies in R code
Result: NOTE
    Namespace in Imports field not imported from: ‘agricolae’
     All declared Imports should be used.
Flavors: r-devel-linux-x86_64-fedora-clang, r-devel-linux-x86_64-fedora-gcc, r-devel-macos-x86_64-clang

Version: 1.0
Check: dependencies in R code
Result: NOTE
    Namespace in Imports field not imported from: ‘agricolae’
     All declared Imports should be used.
Flavors: r-patched-solaris-x86, r-release-osx-x86_64-mavericks, r-oldrel-windows-ix86+x86_64