CRAN Package Check Results for Package HTSSIP

Last updated on 2016-12-28 23:47:16.

Flavor Version Tinstall Tcheck Ttotal Status Flags
r-devel-linux-x86_64-debian-clang 1.0.3 6.21 392.82 399.03 NOTE
r-devel-linux-x86_64-debian-gcc 1.0.3 6.44 371.86 378.30 NOTE
r-devel-linux-x86_64-fedora-clang 1.0.3 1070.63 NOTE --no-stop-on-test-error
r-devel-linux-x86_64-fedora-gcc 1.0.3 951.70 NOTE --no-stop-on-test-error
r-devel-macos-x86_64-clang 1.0.3 678.52 NOTE --no-stop-on-test-error
r-devel-windows-ix86+x86_64 1.0.3 22.00 287.00 309.00 NOTE --no-vignettes
r-patched-linux-x86_64 1.0.3 5.92 398.07 403.99 NOTE
r-patched-solaris-sparc 1.0.3 7172.80 NOTE
r-patched-solaris-x86 1.0.3 1333.20 NOTE
r-release-linux-x86_64 1.0.3 5.96 396.57 402.53 NOTE
r-release-osx-x86_64-mavericks 1.0.3 NOTE
r-release-windows-ix86+x86_64 1.0.3 18.00 215.00 233.00 NOTE --no-vignettes
r-oldrel-windows-ix86+x86_64 1.0.3 16.00 359.00 375.00 WARN --no-vignettes

Check Details

Version: 1.0.3
Check: DESCRIPTION meta-information
Result: NOTE
    Malformed Description field: should contain one or more complete sentences.
Flavors: r-devel-linux-x86_64-debian-clang, r-devel-linux-x86_64-debian-gcc, r-patched-linux-x86_64, r-patched-solaris-sparc, r-patched-solaris-x86, r-release-linux-x86_64, r-release-osx-x86_64-mavericks

Version: 1.0.3
Flags: --no-stop-on-test-error
Check: DESCRIPTION meta-information
Result: NOTE
    Malformed Description field: should contain one or more complete sentences.
Flavors: r-devel-linux-x86_64-fedora-clang, r-devel-linux-x86_64-fedora-gcc, r-devel-macos-x86_64-clang

Version: 1.0.3
Flags: --no-vignettes
Check: DESCRIPTION meta-information
Result: NOTE
    Malformed Description field: should contain one or more complete sentences.
Flavors: r-devel-windows-ix86+x86_64, r-release-windows-ix86+x86_64, r-oldrel-windows-ix86+x86_64

Version: 1.0.3
Check: installed package size
Result: NOTE
     installed size is 5.1Mb
     sub-directories of 1Mb or more:
     data 4.1Mb
Flavors: r-patched-solaris-sparc, r-patched-solaris-x86

Version: 1.0.3
Flags: --no-vignettes
Check: for missing documentation entries
Result: WARN
    Warning: replacing previous import 'BiocGenerics::Position' by 'ggplot2::Position' when loading 'phyloseq'
    All user-level objects in a package should have documentation entries.
    See chapter 'Writing R documentation files' in the 'Writing R
    Extensions' manual.
Flavor: r-oldrel-windows-ix86+x86_64