Last updated on 2016-12-28 23:47:16.
Flavor | Version | Tinstall | Tcheck | Ttotal | Status | Flags |
---|---|---|---|---|---|---|
r-devel-linux-x86_64-debian-clang | 1.1.7 | 1.71 | 60.05 | 61.76 | OK | |
r-devel-linux-x86_64-debian-gcc | 1.1.7 | 1.86 | 57.80 | 59.66 | OK | |
r-devel-linux-x86_64-fedora-clang | 1.1.7 | 103.06 | OK | --no-stop-on-test-error | ||
r-devel-linux-x86_64-fedora-gcc | 1.1.7 | 101.23 | OK | --no-stop-on-test-error | ||
r-devel-macos-x86_64-clang | 1.1.7 | 64.48 | OK | --no-stop-on-test-error | ||
r-devel-windows-ix86+x86_64 | 1.1.7 | 31.00 | 107.00 | 138.00 | OK | |
r-patched-linux-x86_64 | 1.1.7 | 1.82 | 49.67 | 51.49 | OK | |
r-patched-solaris-sparc | 1.1.7 | 819.70 | OK | |||
r-patched-solaris-x86 | 1.1.7 | 183.10 | OK | |||
r-release-linux-x86_64 | 1.1.7 | 1.76 | 49.99 | 51.74 | OK | |
r-release-osx-x86_64-mavericks | 1.1.7 | OK | ||||
r-release-windows-ix86+x86_64 | 1.1.7 | 13.00 | 109.00 | 122.00 | OK | |
r-oldrel-windows-ix86+x86_64 | 1.1.7 | 10.00 | 86.00 | 96.00 | WARN |
Version: 1.1.7
Check: index information
Result: WARN
Warning in .doLoadActions(where, attach) :
trying to execute load actions without 'methods' package
See sections 'The INDEX file' and 'Package subdirectories' in the
'Writing R Extensions' manual.
Flavor: r-oldrel-windows-ix86+x86_64
Version: 1.1.7
Check: for unstated dependencies in vignettes
Result: NOTE
Warning in .doLoadActions(where, attach) :
trying to execute load actions without 'methods' package
Flavor: r-oldrel-windows-ix86+x86_64