CRAN Package Check Results for Package HarmonicRegression

Last updated on 2016-12-28 23:47:15.

Flavor Version Tinstall Tcheck Ttotal Status Flags
r-devel-linux-x86_64-debian-clang 1.0 0.80 14.55 15.35 NOTE
r-devel-linux-x86_64-debian-gcc 1.0 0.72 14.20 14.92 NOTE
r-devel-linux-x86_64-fedora-clang 1.0 28.88 NOTE --no-stop-on-test-error
r-devel-linux-x86_64-fedora-gcc 1.0 24.78 NOTE --no-stop-on-test-error
r-devel-macos-x86_64-clang 1.0 22.06 NOTE --no-stop-on-test-error
r-devel-windows-ix86+x86_64 1.0 4.00 47.00 51.00 NOTE
r-patched-linux-x86_64 1.0 0.54 11.19 11.74 NOTE
r-patched-solaris-sparc 1.0 121.00 NOTE
r-patched-solaris-x86 1.0 28.00 NOTE
r-release-linux-x86_64 1.0 0.67 11.34 12.01 NOTE
r-release-osx-x86_64-mavericks 1.0 NOTE
r-release-windows-ix86+x86_64 1.0 5.00 39.00 44.00 NOTE
r-oldrel-windows-ix86+x86_64 1.0 2.00 26.00 28.00 OK

Check Details

Version: 1.0
Check: R code for possible problems
Result: NOTE
    fit.one.harmonic: no visible global function definition for ‘var’
    fit.one.harmonic: no visible global function definition for ‘lm’
    fit.one.harmonic: no visible binding for global variable ‘na.exclude’
    fit.one.harmonic: no visible global function definition for ‘fitted’
    fit.one.harmonic: no visible global function definition for ‘coef’
    fit.one.harmonic: no visible global function definition for ‘residuals’
    fit.one.harmonic.trend: no visible global function definition for ‘lm’
    fit.one.harmonic.trend: no visible binding for global variable
     ‘na.exclude’
    fit.one.harmonic.trend: no visible global function definition for
     ‘fitted’
    fit.one.harmonic.trend: no visible global function definition for
     ‘coef’
    fit.one.harmonic.trend: no visible global function definition for
     ‘residuals’
    harmonic.f.test: no visible global function definition for ‘pf’
    harmonic.regression.matrix: no visible global function definition for
     ‘lm’
    harmonic.regression.matrix: no visible global function definition for
     ‘fitted’
    harmonic.regression.matrix: no visible global function definition for
     ‘coef’
    harmonic.regression.matrix: no visible binding for global variable
     ‘var’
    harmonic.regression.matrix: no visible global function definition for
     ‘residuals’
    harmonic.regression.matrix: no visible global function definition for
     ‘p.adjust’
    harmonic.regression.matrix.trend: no visible global function definition
     for ‘lm’
    harmonic.regression.matrix.trend: no visible global function definition
     for ‘fitted’
    harmonic.regression.matrix.trend: no visible global function definition
     for ‘coef’
    harmonic.regression.matrix.trend: no visible global function definition
     for ‘residuals’
    harmonic.regression.matrix.trend: no visible global function definition
     for ‘p.adjust’
    harmonic.regression.nas: no visible global function definition for
     ‘p.adjust’
    harmonic.regression.nas.trend: no visible global function definition
     for ‘p.adjust’
    normalize.one.ts: no visible global function definition for ‘lm’
    normalize.one.ts: no visible binding for global variable ‘na.exclude’
    normalize.one.ts: no visible global function definition for ‘fitted’
    normalize.one.ts: no visible global function definition for ‘coef’
    normalize.ts.matrix: no visible global function definition for ‘lm’
    normalize.ts.matrix: no visible global function definition for ‘fitted’
    normalize.ts.matrix: no visible global function definition for ‘coef’
    Undefined global functions or variables:
     coef fitted lm na.exclude p.adjust pf residuals var
    Consider adding
     importFrom("stats", "coef", "fitted", "lm", "na.exclude", "p.adjust",
     "pf", "residuals", "var")
    to your NAMESPACE file.
Flavors: r-devel-linux-x86_64-debian-clang, r-devel-linux-x86_64-debian-gcc, r-devel-windows-ix86+x86_64, r-patched-linux-x86_64, r-patched-solaris-sparc, r-patched-solaris-x86, r-release-linux-x86_64, r-release-osx-x86_64-mavericks, r-release-windows-ix86+x86_64

Version: 1.0
Flags: --no-stop-on-test-error
Check: R code for possible problems
Result: NOTE
    fit.one.harmonic: no visible global function definition for ‘var’
    fit.one.harmonic: no visible global function definition for ‘lm’
    fit.one.harmonic: no visible binding for global variable ‘na.exclude’
    fit.one.harmonic: no visible global function definition for ‘fitted’
    fit.one.harmonic: no visible global function definition for ‘coef’
    fit.one.harmonic: no visible global function definition for ‘residuals’
    fit.one.harmonic.trend: no visible global function definition for ‘lm’
    fit.one.harmonic.trend: no visible binding for global variable
     ‘na.exclude’
    fit.one.harmonic.trend: no visible global function definition for
     ‘fitted’
    fit.one.harmonic.trend: no visible global function definition for
     ‘coef’
    fit.one.harmonic.trend: no visible global function definition for
     ‘residuals’
    harmonic.f.test: no visible global function definition for ‘pf’
    harmonic.regression.matrix: no visible global function definition for
     ‘lm’
    harmonic.regression.matrix: no visible global function definition for
     ‘fitted’
    harmonic.regression.matrix: no visible global function definition for
     ‘coef’
    harmonic.regression.matrix: no visible binding for global variable
     ‘var’
    harmonic.regression.matrix: no visible global function definition for
     ‘residuals’
    harmonic.regression.matrix: no visible global function definition for
     ‘p.adjust’
    harmonic.regression.matrix.trend: no visible global function definition
     for ‘lm’
    harmonic.regression.matrix.trend: no visible global function definition
     for ‘fitted’
    harmonic.regression.matrix.trend: no visible global function definition
     for ‘coef’
    harmonic.regression.matrix.trend: no visible global function definition
     for ‘residuals’
    harmonic.regression.matrix.trend: no visible global function definition
     for ‘p.adjust’
    harmonic.regression.nas: no visible global function definition for
     ‘p.adjust’
    harmonic.regression.nas.trend: no visible global function definition
     for ‘p.adjust’
    normalize.one.ts: no visible global function definition for ‘lm’
    normalize.one.ts: no visible binding for global variable ‘na.exclude’
    normalize.one.ts: no visible global function definition for ‘fitted’
    normalize.one.ts: no visible global function definition for ‘coef’
    normalize.ts.matrix: no visible global function definition for ‘lm’
    normalize.ts.matrix: no visible global function definition for ‘fitted’
    normalize.ts.matrix: no visible global function definition for ‘coef’
    Undefined global functions or variables:
     coef fitted lm na.exclude p.adjust pf residuals var
    Consider adding
     importFrom("stats", "coef", "fitted", "lm", "na.exclude", "p.adjust",
     "pf", "residuals", "var")
    to your NAMESPACE file.
Flavors: r-devel-linux-x86_64-fedora-clang, r-devel-linux-x86_64-fedora-gcc, r-devel-macos-x86_64-clang