CRAN Package Check Results for Package HierO

Last updated on 2016-12-28 23:47:15.

Flavor Version Tinstall Tcheck Ttotal Status Flags
r-devel-linux-x86_64-debian-clang 0.2 2.59 32.30 34.89 NOTE
r-devel-linux-x86_64-debian-gcc 0.2 2.50 31.20 33.70 NOTE
r-devel-linux-x86_64-fedora-clang 0.2 70.20 NOTE --no-stop-on-test-error
r-devel-linux-x86_64-fedora-gcc 0.2 63.05 NOTE --no-stop-on-test-error
r-devel-macos-x86_64-clang 0.2 51.18 NOTE --no-stop-on-test-error
r-devel-windows-ix86+x86_64 0.2 12.00 55.00 67.00 NOTE
r-patched-linux-x86_64 0.2 2.20 28.40 30.61 NOTE
r-patched-solaris-sparc 0.2 321.20 NOTE
r-patched-solaris-x86 0.2 71.70 NOTE
r-release-linux-x86_64 0.2 2.06 28.76 30.83 NOTE
r-release-osx-x86_64-mavericks 0.2 ERROR
r-release-windows-ix86+x86_64 0.2 21.00 99.00 120.00 NOTE
r-oldrel-windows-ix86+x86_64 0.2 12.00 63.00 75.00 OK

Check Details

Version: 0.2
Check: R code for possible problems
Result: NOTE
    calcPower: no visible global function definition for ‘pchisq’
    calcPower: no visible global function definition for ‘qchisq’
    delta2 : K1: no visible global function definition for ‘qnorm’
    delta2: no visible global function definition for ‘qnorm’
    delta2: no visible global function definition for ‘pnorm’
    delta2: no visible global function definition for ‘dnorm’
    Undefined global functions or variables:
     dnorm pchisq pnorm qchisq qnorm
    Consider adding
     importFrom("stats", "dnorm", "pchisq", "pnorm", "qchisq", "qnorm")
    to your NAMESPACE file.
Flavors: r-devel-linux-x86_64-debian-clang, r-devel-linux-x86_64-debian-gcc, r-devel-windows-ix86+x86_64, r-patched-linux-x86_64, r-patched-solaris-sparc, r-patched-solaris-x86, r-release-linux-x86_64, r-release-windows-ix86+x86_64

Version: 0.2
Flags: --no-stop-on-test-error
Check: R code for possible problems
Result: NOTE
    calcPower: no visible global function definition for ‘pchisq’
    calcPower: no visible global function definition for ‘qchisq’
    delta2 : K1: no visible global function definition for ‘qnorm’
    delta2: no visible global function definition for ‘qnorm’
    delta2: no visible global function definition for ‘pnorm’
    delta2: no visible global function definition for ‘dnorm’
    Undefined global functions or variables:
     dnorm pchisq pnorm qchisq qnorm
    Consider adding
     importFrom("stats", "dnorm", "pchisq", "pnorm", "qchisq", "qnorm")
    to your NAMESPACE file.
Flavors: r-devel-linux-x86_64-fedora-clang, r-devel-linux-x86_64-fedora-gcc, r-devel-macos-x86_64-clang

Version: 0.2
Check: whether package can be installed
Result: ERROR
    Installation failed.
Flavor: r-release-osx-x86_64-mavericks